{"id":43255,"date":"2026-04-29T18:41:19","date_gmt":"2026-04-29T16:41:19","guid":{"rendered":"https:\/\/alladixital.org\/?post_type=product&#038;p=43255"},"modified":"2026-04-29T18:41:50","modified_gmt":"2026-04-29T16:41:50","slug":"lliteratura-42-revista-lliteraria-asturiana","status":"publish","type":"product","link":"https:\/\/alladixital.org\/en\/producto\/lliteratura-42-revista-lliteraria-asturiana\/","title":{"rendered":"Lliteratura 42. Revista lliteraria asturiana"},"content":{"rendered":"<p>La revista Lliteratura vuelve nel so n\u00famberu 42 con un dossier monogr\u00e1ficu, dedic\u00e1u esta vez a \u00abL\u2019Asturies industrial\u00bb. Al travi\u00e9s de poes\u00eda, narrativa y ensayu faise un viaxe pel pas\u00e1u, presente y futuru d\u2019un terriotoriu arraigon\u00e1u na industria y nos procesos complementarios al so desarrollu y desaniciu, too ello de la mano d\u2019autores como Francisco \u00c1lvarez, Solinca Turb\u00f3n, Ram\u00f3n Llu\u00eds Bande o Blanca Fern\u00e1ndez Quintana.<\/p>\n<p>El n\u00famberu, fuera y\u00e1 del dossier, sigue coles seiciones a les que t\u00e1n avezaos les y los llectores: poes\u00eda, narrativa, ensayu, traducci\u00f3n, entrevistes o cr\u00edtica, desenvuelta enforma esta \u00faltima con trabayos d\u2019autores como Lourdes \u00c1lvarez, Raquel Fern\u00e1ndez Men\u00e9ndez, Pablo X. Su\u00e1rez, Pablo Rodr\u00edguez Medina o Marta L\u00f3pez.<\/p>\n","protected":false},"excerpt":{"rendered":"<p>La revista Lliteratura vuelve nel so n\u00famberu 42 con un dossier monogr\u00e1ficu, dedic\u00e1u esta vez a \u00abL\u2019Asturies industrial\u00bb. Al travi\u00e9s de poes\u00eda, narrativa y ensayu faise un viaxe pel pas\u00e1u, &hellip; <\/p>\n<p class=\"link-more\"><a href=\"https:\/\/alladixital.org\/en\/producto\/lliteratura-42-revista-lliteraria-asturiana\/\" class=\"more-link\">Continue reading<span class=\"screen-reader-text\"> &#8220;Lliteratura 42. Revista lliteraria asturiana&#8221;<\/span><\/a><\/p>\n","protected":false},"featured_media":43256,"comment_status":"closed","ping_status":"closed","template":"","meta":{"_acf_changed":false},"product_brand":[],"product_cat":[843],"product_tag":[],"class_list":{"0":"post-43255","1":"product","2":"type-product","3":"status-publish","4":"has-post-thumbnail","6":"product_cat-lliteratura","7":"pa_anu-1410","8":"pa_autor-alla","9":"pa_editorial-alla","10":"pa_idioma-asturianu","12":"first","13":"instock","14":"shipping-taxable","15":"product-type-simple"},"acf":[],"yoast_head":"<!-- This site is optimized with the Yoast SEO plugin v26.7 - https:\/\/yoast.com\/wordpress\/plugins\/seo\/ -->\n<title>Lliteratura 42. Revista lliteraria asturiana - Academia de la Llingua Asturiana<\/title>\n<meta name=\"robots\" content=\"index, follow, max-snippet:-1, max-image-preview:large, max-video-preview:-1\" \/>\n<link rel=\"canonical\" href=\"https:\/\/alladixital.org\/productu\/lliteratura-42-revista-lliteraria-asturiana\/\" \/>\n<meta property=\"og:locale\" content=\"en_US\" \/>\n<meta property=\"og:type\" content=\"article\" \/>\n<meta property=\"og:title\" content=\"Lliteratura 42. Revista lliteraria asturiana - Academia de la Llingua Asturiana\" \/>\n<meta property=\"og:description\" content=\"La revista Lliteratura vuelve nel so n\u00famberu 42 con un dossier monogr\u00e1ficu, dedic\u00e1u esta vez a \u00abL\u2019Asturies industrial\u00bb. Al travi\u00e9s de poes\u00eda, narrativa y ensayu faise un viaxe pel pas\u00e1u, &hellip; Continue reading &quot;Lliteratura 42. Revista lliteraria asturiana&quot;\" \/>\n<meta property=\"og:url\" content=\"https:\/\/alladixital.org\/productu\/lliteratura-42-revista-lliteraria-asturiana\/\" \/>\n<meta property=\"og:site_name\" content=\"Academia de la Llingua Asturiana\" \/>\n<meta property=\"article:publisher\" content=\"https:\/\/www.facebook.com\/AcademiadelaLlinguaAsturiana\/\" \/>\n<meta property=\"article:modified_time\" content=\"2026-04-29T16:41:50+00:00\" \/>\n<meta property=\"og:image\" content=\"https:\/\/alladixital.org\/wp-content\/uploads\/2026\/04\/Portada-Lliteratura-42.png\" \/>\n\t<meta property=\"og:image:width\" content=\"602\" \/>\n\t<meta property=\"og:image:height\" content=\"866\" \/>\n\t<meta property=\"og:image:type\" content=\"image\/png\" \/>\n<meta name=\"twitter:card\" content=\"summary_large_image\" \/>\n<meta name=\"twitter:site\" content=\"@ALLA_ast\" \/>\n<script type=\"application\/ld+json\" class=\"yoast-schema-graph\">{\"@context\":\"https:\/\/schema.org\",\"@graph\":[{\"@type\":\"WebPage\",\"@id\":\"https:\/\/alladixital.org\/productu\/lliteratura-42-revista-lliteraria-asturiana\/\",\"url\":\"https:\/\/alladixital.org\/productu\/lliteratura-42-revista-lliteraria-asturiana\/\",\"name\":\"Lliteratura 42. Revista lliteraria asturiana - Academia de la Llingua Asturiana\",\"isPartOf\":{\"@id\":\"https:\/\/alladixital.org\/#website\"},\"primaryImageOfPage\":{\"@id\":\"https:\/\/alladixital.org\/productu\/lliteratura-42-revista-lliteraria-asturiana\/#primaryimage\"},\"image\":{\"@id\":\"https:\/\/alladixital.org\/productu\/lliteratura-42-revista-lliteraria-asturiana\/#primaryimage\"},\"thumbnailUrl\":\"https:\/\/alladixital.org\/wp-content\/uploads\/2026\/04\/Portada-Lliteratura-42.png\",\"datePublished\":\"2026-04-29T16:41:19+00:00\",\"dateModified\":\"2026-04-29T16:41:50+00:00\",\"breadcrumb\":{\"@id\":\"https:\/\/alladixital.org\/productu\/lliteratura-42-revista-lliteraria-asturiana\/#breadcrumb\"},\"inLanguage\":\"en-US\",\"potentialAction\":[{\"@type\":\"ReadAction\",\"target\":[\"https:\/\/alladixital.org\/productu\/lliteratura-42-revista-lliteraria-asturiana\/\"]}]},{\"@type\":\"ImageObject\",\"inLanguage\":\"en-US\",\"@id\":\"https:\/\/alladixital.org\/productu\/lliteratura-42-revista-lliteraria-asturiana\/#primaryimage\",\"url\":\"https:\/\/alladixital.org\/wp-content\/uploads\/2026\/04\/Portada-Lliteratura-42.png\",\"contentUrl\":\"https:\/\/alladixital.org\/wp-content\/uploads\/2026\/04\/Portada-Lliteratura-42.png\",\"width\":602,\"height\":866},{\"@type\":\"BreadcrumbList\",\"@id\":\"https:\/\/alladixital.org\/productu\/lliteratura-42-revista-lliteraria-asturiana\/#breadcrumb\",\"itemListElement\":[{\"@type\":\"ListItem\",\"position\":1,\"name\":\"Portada\",\"item\":\"https:\/\/alladixital.org\/\"},{\"@type\":\"ListItem\",\"position\":2,\"name\":\"Shop\",\"item\":\"https:\/\/alladixital.org\/en\/shop\/\"},{\"@type\":\"ListItem\",\"position\":3,\"name\":\"Lliteratura 42. Revista lliteraria asturiana\"}]},{\"@type\":\"WebSite\",\"@id\":\"https:\/\/alladixital.org\/#website\",\"url\":\"https:\/\/alladixital.org\/\",\"name\":\"Academia de la Llingua Asturiana\",\"description\":\"ALLA\",\"publisher\":{\"@id\":\"https:\/\/alladixital.org\/#organization\"},\"potentialAction\":[{\"@type\":\"SearchAction\",\"target\":{\"@type\":\"EntryPoint\",\"urlTemplate\":\"https:\/\/alladixital.org\/?s={search_term_string}\"},\"query-input\":{\"@type\":\"PropertyValueSpecification\",\"valueRequired\":true,\"valueName\":\"search_term_string\"}}],\"inLanguage\":\"en-US\"},{\"@type\":\"Organization\",\"@id\":\"https:\/\/alladixital.org\/#organization\",\"name\":\"Academia de la Llingua Asturiana\",\"url\":\"https:\/\/alladixital.org\/\",\"logo\":{\"@type\":\"ImageObject\",\"inLanguage\":\"en-US\",\"@id\":\"https:\/\/alladixital.org\/#\/schema\/logo\/image\/\",\"url\":\"https:\/\/alladixital.org\/wp-content\/uploads\/2022\/08\/logo_LLINGUA_280_V3.jpg\",\"contentUrl\":\"https:\/\/alladixital.org\/wp-content\/uploads\/2022\/08\/logo_LLINGUA_280_V3.jpg\",\"width\":1064,\"height\":1096,\"caption\":\"Academia de la Llingua Asturiana\"},\"image\":{\"@id\":\"https:\/\/alladixital.org\/#\/schema\/logo\/image\/\"},\"sameAs\":[\"https:\/\/www.facebook.com\/AcademiadelaLlinguaAsturiana\/\",\"https:\/\/x.com\/ALLA_ast\"]}]}<\/script>\n<!-- \/ Yoast SEO plugin. -->","yoast_head_json":{"title":"Lliteratura 42. Revista lliteraria asturiana - Academia de la Llingua Asturiana","robots":{"index":"index","follow":"follow","max-snippet":"max-snippet:-1","max-image-preview":"max-image-preview:large","max-video-preview":"max-video-preview:-1"},"canonical":"https:\/\/alladixital.org\/productu\/lliteratura-42-revista-lliteraria-asturiana\/","og_locale":"en_US","og_type":"article","og_title":"Lliteratura 42. Revista lliteraria asturiana - Academia de la Llingua Asturiana","og_description":"La revista Lliteratura vuelve nel so n\u00famberu 42 con un dossier monogr\u00e1ficu, dedic\u00e1u esta vez a \u00abL\u2019Asturies industrial\u00bb. Al travi\u00e9s de poes\u00eda, narrativa y ensayu faise un viaxe pel pas\u00e1u, &hellip; Continue reading \"Lliteratura 42. Revista lliteraria asturiana\"","og_url":"https:\/\/alladixital.org\/productu\/lliteratura-42-revista-lliteraria-asturiana\/","og_site_name":"Academia de la Llingua Asturiana","article_publisher":"https:\/\/www.facebook.com\/AcademiadelaLlinguaAsturiana\/","article_modified_time":"2026-04-29T16:41:50+00:00","og_image":[{"width":602,"height":866,"url":"https:\/\/alladixital.org\/wp-content\/uploads\/2026\/04\/Portada-Lliteratura-42.png","type":"image\/png"}],"twitter_card":"summary_large_image","twitter_site":"@ALLA_ast","schema":{"@context":"https:\/\/schema.org","@graph":[{"@type":"WebPage","@id":"https:\/\/alladixital.org\/productu\/lliteratura-42-revista-lliteraria-asturiana\/","url":"https:\/\/alladixital.org\/productu\/lliteratura-42-revista-lliteraria-asturiana\/","name":"Lliteratura 42. Revista lliteraria asturiana - Academia de la Llingua Asturiana","isPartOf":{"@id":"https:\/\/alladixital.org\/#website"},"primaryImageOfPage":{"@id":"https:\/\/alladixital.org\/productu\/lliteratura-42-revista-lliteraria-asturiana\/#primaryimage"},"image":{"@id":"https:\/\/alladixital.org\/productu\/lliteratura-42-revista-lliteraria-asturiana\/#primaryimage"},"thumbnailUrl":"https:\/\/alladixital.org\/wp-content\/uploads\/2026\/04\/Portada-Lliteratura-42.png","datePublished":"2026-04-29T16:41:19+00:00","dateModified":"2026-04-29T16:41:50+00:00","breadcrumb":{"@id":"https:\/\/alladixital.org\/productu\/lliteratura-42-revista-lliteraria-asturiana\/#breadcrumb"},"inLanguage":"en-US","potentialAction":[{"@type":"ReadAction","target":["https:\/\/alladixital.org\/productu\/lliteratura-42-revista-lliteraria-asturiana\/"]}]},{"@type":"ImageObject","inLanguage":"en-US","@id":"https:\/\/alladixital.org\/productu\/lliteratura-42-revista-lliteraria-asturiana\/#primaryimage","url":"https:\/\/alladixital.org\/wp-content\/uploads\/2026\/04\/Portada-Lliteratura-42.png","contentUrl":"https:\/\/alladixital.org\/wp-content\/uploads\/2026\/04\/Portada-Lliteratura-42.png","width":602,"height":866},{"@type":"BreadcrumbList","@id":"https:\/\/alladixital.org\/productu\/lliteratura-42-revista-lliteraria-asturiana\/#breadcrumb","itemListElement":[{"@type":"ListItem","position":1,"name":"Portada","item":"https:\/\/alladixital.org\/"},{"@type":"ListItem","position":2,"name":"Shop","item":"https:\/\/alladixital.org\/en\/shop\/"},{"@type":"ListItem","position":3,"name":"Lliteratura 42. Revista lliteraria asturiana"}]},{"@type":"WebSite","@id":"https:\/\/alladixital.org\/#website","url":"https:\/\/alladixital.org\/","name":"Academia de la Llingua Asturiana","description":"ALLA","publisher":{"@id":"https:\/\/alladixital.org\/#organization"},"potentialAction":[{"@type":"SearchAction","target":{"@type":"EntryPoint","urlTemplate":"https:\/\/alladixital.org\/?s={search_term_string}"},"query-input":{"@type":"PropertyValueSpecification","valueRequired":true,"valueName":"search_term_string"}}],"inLanguage":"en-US"},{"@type":"Organization","@id":"https:\/\/alladixital.org\/#organization","name":"Academia de la Llingua Asturiana","url":"https:\/\/alladixital.org\/","logo":{"@type":"ImageObject","inLanguage":"en-US","@id":"https:\/\/alladixital.org\/#\/schema\/logo\/image\/","url":"https:\/\/alladixital.org\/wp-content\/uploads\/2022\/08\/logo_LLINGUA_280_V3.jpg","contentUrl":"https:\/\/alladixital.org\/wp-content\/uploads\/2022\/08\/logo_LLINGUA_280_V3.jpg","width":1064,"height":1096,"caption":"Academia de la Llingua Asturiana"},"image":{"@id":"https:\/\/alladixital.org\/#\/schema\/logo\/image\/"},"sameAs":["https:\/\/www.facebook.com\/AcademiadelaLlinguaAsturiana\/","https:\/\/x.com\/ALLA_ast"]}]}},"brizy_media":[],"_links":{"self":[{"href":"https:\/\/alladixital.org\/en\/wp-json\/wp\/v2\/product\/43255","targetHints":{"allow":["GET"]}}],"collection":[{"href":"https:\/\/alladixital.org\/en\/wp-json\/wp\/v2\/product"}],"about":[{"href":"https:\/\/alladixital.org\/en\/wp-json\/wp\/v2\/types\/product"}],"replies":[{"embeddable":true,"href":"https:\/\/alladixital.org\/en\/wp-json\/wp\/v2\/comments?post=43255"}],"wp:featuredmedia":[{"embeddable":true,"href":"https:\/\/alladixital.org\/en\/wp-json\/wp\/v2\/media\/43256"}],"wp:attachment":[{"href":"https:\/\/alladixital.org\/en\/wp-json\/wp\/v2\/media?parent=43255"}],"wp:term":[{"taxonomy":"product_brand","embeddable":true,"href":"https:\/\/alladixital.org\/en\/wp-json\/wp\/v2\/product_brand?post=43255"},{"taxonomy":"product_cat","embeddable":true,"href":"https:\/\/alladixital.org\/en\/wp-json\/wp\/v2\/product_cat?post=43255"},{"taxonomy":"product_tag","embeddable":true,"href":"https:\/\/alladixital.org\/en\/wp-json\/wp\/v2\/product_tag?post=43255"}],"curies":[{"name":"wp","href":"https:\/\/api.w.org\/{rel}","templated":true}]}}

<p>La revista Lliteratura vuelve nel so númberu 42 con un dossier monográficu, dedicáu esta vez a «L’Asturies industrial». Al traviés de poesía, narrativa y ensayu faise un viaxe pel pasáu, presente y futuru d’un terriotoriu arraigonáu na industria y nos procesos complementarios al so desarrollu y desaniciu, too ello de la mano d’autores como Francisco Álvarez, Solinca Turbón, Ramón Lluís Bande o Blanca Fernández Quintana.</p>
<p>El númberu, fuera yá del dossier, sigue coles seiciones a les que tán avezaos les y los llectores: poesía, narrativa, ensayu, traducción, entrevistes o crítica, desenvuelta enforma esta última con trabayos d’autores como Lourdes Álvarez, Raquel Fernández Menéndez, Pablo X. Suárez, Pablo Rodríguez Medina o Marta López.</p>

<p>La revista Lliteratura vuelve nel so númberu 42 con un dossier monográficu, dedicáu esta vez a «L’Asturies industrial». Al traviés de poesía, narrativa y ensayu faise un viaxe pel pasáu, &hellip; </p>
<p class="link-more"><a href="https://alladixital.org/en/producto/lliteratura-42-revista-lliteraria-asturiana/" class="more-link">Continue reading<span class="screen-reader-text"> &#8220;Lliteratura 42. Revista lliteraria asturiana&#8221;</span></a></p>

<!-- This site is optimized with the Yoast SEO plugin v26.7 - https://yoast.com/wordpress/plugins/seo/ -->
<title>Lliteratura 42. Revista lliteraria asturiana - Academia de la Llingua Asturiana</title>
<meta name="robots" content="index, follow, max-snippet:-1, max-image-preview:large, max-video-preview:-1" />
<link rel="canonical" href="https://alladixital.org/productu/lliteratura-42-revista-lliteraria-asturiana/" />
<meta property="og:locale" content="en_US" />
<meta property="og:type" content="article" />
<meta property="og:title" content="Lliteratura 42. Revista lliteraria asturiana - Academia de la Llingua Asturiana" />
<meta property="og:description" content="La revista Lliteratura vuelve nel so númberu 42 con un dossier monográficu, dedicáu esta vez a «L’Asturies industrial». Al traviés de poesía, narrativa y ensayu faise un viaxe pel pasáu, &hellip; Continue reading &quot;Lliteratura 42. Revista lliteraria asturiana&quot;" />
<meta property="og:url" content="https://alladixital.org/productu/lliteratura-42-revista-lliteraria-asturiana/" />
<meta property="og:site_name" content="Academia de la Llingua Asturiana" />
<meta property="article:publisher" content="https://www.facebook.com/AcademiadelaLlinguaAsturiana/" />
<meta property="article:modified_time" content="2026-04-29T16:41:50+00:00" />
<meta property="og:image" content="https://alladixital.org/wp-content/uploads/2026/04/Portada-Lliteratura-42.png" />
	<meta property="og:image:width" content="602" />
	<meta property="og:image:height" content="866" />
	<meta property="og:image:type" content="image/png" />
<meta name="twitter:card" content="summary_large_image" />
<meta name="twitter:site" content="@ALLA_ast" />
<script type="application/ld+json" class="yoast-schema-graph">{"@context":"https://schema.org","@graph":[{"@type":"WebPage","@id":"https://alladixital.org/productu/lliteratura-42-revista-lliteraria-asturiana/","url":"https://alladixital.org/productu/lliteratura-42-revista-lliteraria-asturiana/","name":"Lliteratura 42. Revista lliteraria asturiana - Academia de la Llingua Asturiana","isPartOf":{"@id":"https://alladixital.org/#website"},"primaryImageOfPage":{"@id":"https://alladixital.org/productu/lliteratura-42-revista-lliteraria-asturiana/#primaryimage"},"image":{"@id":"https://alladixital.org/productu/lliteratura-42-revista-lliteraria-asturiana/#primaryimage"},"thumbnailUrl":"https://alladixital.org/wp-content/uploads/2026/04/Portada-Lliteratura-42.png","datePublished":"2026-04-29T16:41:19+00:00","dateModified":"2026-04-29T16:41:50+00:00","breadcrumb":{"@id":"https://alladixital.org/productu/lliteratura-42-revista-lliteraria-asturiana/#breadcrumb"},"inLanguage":"en-US","potentialAction":[{"@type":"ReadAction","target":["https://alladixital.org/productu/lliteratura-42-revista-lliteraria-asturiana/"]}]},{"@type":"ImageObject","inLanguage":"en-US","@id":"https://alladixital.org/productu/lliteratura-42-revista-lliteraria-asturiana/#primaryimage","url":"https://alladixital.org/wp-content/uploads/2026/04/Portada-Lliteratura-42.png","contentUrl":"https://alladixital.org/wp-content/uploads/2026/04/Portada-Lliteratura-42.png","width":602,"height":866},{"@type":"BreadcrumbList","@id":"https://alladixital.org/productu/lliteratura-42-revista-lliteraria-asturiana/#breadcrumb","itemListElement":[{"@type":"ListItem","position":1,"name":"Portada","item":"https://alladixital.org/"},{"@type":"ListItem","position":2,"name":"Shop","item":"https://alladixital.org/en/shop/"},{"@type":"ListItem","position":3,"name":"Lliteratura 42. Revista lliteraria asturiana"}]},{"@type":"WebSite","@id":"https://alladixital.org/#website","url":"https://alladixital.org/","name":"Academia de la Llingua Asturiana","description":"ALLA","publisher":{"@id":"https://alladixital.org/#organization"},"potentialAction":[{"@type":"SearchAction","target":{"@type":"EntryPoint","urlTemplate":"https://alladixital.org/?s={search_term_string}"},"query-input":{"@type":"PropertyValueSpecification","valueRequired":true,"valueName":"search_term_string"}}],"inLanguage":"en-US"},{"@type":"Organization","@id":"https://alladixital.org/#organization","name":"Academia de la Llingua Asturiana","url":"https://alladixital.org/","logo":{"@type":"ImageObject","inLanguage":"en-US","@id":"https://alladixital.org/#/schema/logo/image/","url":"https://alladixital.org/wp-content/uploads/2022/08/logo_LLINGUA_280_V3.jpg","contentUrl":"https://alladixital.org/wp-content/uploads/2022/08/logo_LLINGUA_280_V3.jpg","width":1064,"height":1096,"caption":"Academia de la Llingua Asturiana"},"image":{"@id":"https://alladixital.org/#/schema/logo/image/"},"sameAs":["https://www.facebook.com/AcademiadelaLlinguaAsturiana/","https://x.com/ALLA_ast"]}]}</script>
<!-- / Yoast SEO plugin. -->

La revista Lliteratura vuelve nel so númberu 42 con un dossier monográficu, dedicáu esta vez a «L’Asturies industrial». Al traviés de poesía, narrativa y ensayu faise un viaxe pel pasáu, &hellip; Continue reading "Lliteratura 42. Revista lliteraria asturiana"
