{"id":20654,"date":"2023-07-13T09:47:55","date_gmt":"2023-07-13T07:47:55","guid":{"rendered":"https:\/\/alladixital.org\/?post_type=product&#038;p=20654"},"modified":"2023-07-13T10:20:17","modified_gmt":"2023-07-13T08:20:17","slug":"averamientu-al-asturianu-de-la-gueria-carrocera","status":"publish","type":"product","link":"https:\/\/alladixital.org\/eon\/producto\/averamientu-al-asturianu-de-la-gueria-carrocera\/","title":{"rendered":"Averamientu al asturianu de La G\u00fceria Carrocera"},"content":{"rendered":"<p>N\u2019<em>Averamientu al asturianu de La G\u00fceria Carrocera <\/em>faise una contribuci\u00f3n al\u00a0 estudiu xeneral de la llingua asturiana pente medies de la caracterizaci\u00f3n d\u2019una de les sos realizaciones xeolectales concretes. T\u00f3mase, como corpus de referencia, una amuesa de testos orales grabaos pola autora nos \u00faltimos a\u00f1os a distintos vecinos del llugar, que se trescriben dafechu acordies a dellos criterios espl\u00edcitos y que s\u2019ufren na primer parte del trabayu, tres d\u2019una introducci\u00f3n. El m\u00e9todu que se sigue na presentaci\u00f3n y anal\u00eds de los datos lling\u00fc\u00edsticos, na segunda parte de la investigaci\u00f3n, ye de corte\u00a0 fundamentalmente estructuralista. Af\u00edtase asina una divisi\u00f3n basada na cl\u00e1sica separtaci\u00f3n seg\u00fan los planos del llinguax y ti\u00e9nense en cuenta tres grandes estayes, como son la de la fon\u00e9tica y fonolox\u00eda, la de la morfosintaxis y la del l\u00e9xicu, a la que s\u2019amiesta una \u00faltima que cinca a la onom\u00e1stica. L\u2019enfoque adopt\u00e1u nel tratamientu de la informaci\u00f3n ye, pola finalid\u00e1 mesma d\u2019esti trabayu, de calter sincr\u00f3nicu, anque tami\u00e9n s\u2019atiende puntualmente al aspectu diacr\u00f3nicu. Constit\u00fai, en definitiva, un estudiu qu\u2019aspira a describir dende dientro, y baxo l\u2019abellugu del conxuntu del sistema lling\u00fc\u00edsticu asturianu, una espresi\u00f3n dialectal espec\u00edfica de la llingua.<br \/>\n<script><\/script><\/p>\n","protected":false},"excerpt":{"rendered":"<p>N\u2019Averamientu al asturianu de La G\u00fceria Carrocera faise una contribuci\u00f3n al\u00a0 estudiu xeneral de la llingua asturiana pente medies de la caracterizaci\u00f3n d\u2019una de les sos realizaciones xeolectales concretes. T\u00f3mase, &hellip; <\/p>\n<p class=\"link-more\"><a href=\"https:\/\/alladixital.org\/eon\/producto\/averamientu-al-asturianu-de-la-gueria-carrocera\/\" class=\"more-link\">Continue reading<span class=\"screen-reader-text\"> &#8220;Averamientu al asturianu de La G\u00fceria Carrocera&#8221;<\/span><\/a><\/p>\n","protected":false},"featured_media":20658,"comment_status":"closed","ping_status":"closed","template":"","meta":{"_acf_changed":false},"product_brand":[],"product_cat":[827],"product_tag":[],"class_list":{"0":"post-20654","1":"product","2":"type-product","3":"status-publish","4":"has-post-thumbnail","6":"product_cat-llibreria-llinguistica","7":"pa_anu-1106","8":"pa_autor-claudia-elena-menendez-fernandez","9":"pa_editorial-alla","10":"pa_idioma-asturianu","12":"first","13":"instock","14":"shipping-taxable","15":"product-type-simple"},"acf":[],"yoast_head":"<!-- This site is optimized with the Yoast SEO plugin v26.7 - https:\/\/yoast.com\/wordpress\/plugins\/seo\/ -->\n<title>Averamientu al asturianu de La G\u00fceria Carrocera - Academia de la Llingua Asturiana<\/title>\n<meta name=\"robots\" content=\"index, follow, max-snippet:-1, max-image-preview:large, max-video-preview:-1\" \/>\n<link rel=\"canonical\" href=\"https:\/\/alladixital.org\/productu\/averamientu-al-asturianu-de-la-gueria-carrocera\/\" \/>\n<meta property=\"og:locale\" content=\"eo_EO\" \/>\n<meta property=\"og:type\" content=\"article\" \/>\n<meta property=\"og:title\" content=\"Averamientu al asturianu de La G\u00fceria Carrocera - Academia de la Llingua Asturiana\" \/>\n<meta property=\"og:description\" content=\"N\u2019Averamientu al asturianu de La G\u00fceria Carrocera faise una contribuci\u00f3n al\u00a0 estudiu xeneral de la llingua asturiana pente medies de la caracterizaci\u00f3n d\u2019una de les sos realizaciones xeolectales concretes. T\u00f3mase, &hellip; Continue reading &quot;Averamientu al asturianu de La G\u00fceria Carrocera&quot;\" \/>\n<meta property=\"og:url\" content=\"https:\/\/alladixital.org\/productu\/averamientu-al-asturianu-de-la-gueria-carrocera\/\" \/>\n<meta property=\"og:site_name\" content=\"Academia de la Llingua Asturiana\" \/>\n<meta property=\"article:publisher\" content=\"https:\/\/www.facebook.com\/AcademiadelaLlinguaAsturiana\/\" \/>\n<meta property=\"article:modified_time\" content=\"2023-07-13T08:20:17+00:00\" \/>\n<meta property=\"og:image\" content=\"https:\/\/alladixital.org\/wp-content\/uploads\/2023\/07\/Averamientu-al-asturianu-de-La-Gueria-Carrocera.png\" \/>\n\t<meta property=\"og:image:width\" content=\"562\" \/>\n\t<meta property=\"og:image:height\" content=\"786\" \/>\n\t<meta property=\"og:image:type\" content=\"image\/png\" \/>\n<meta name=\"twitter:card\" content=\"summary_large_image\" \/>\n<meta name=\"twitter:site\" content=\"@ALLA_ast\" \/>\n<script type=\"application\/ld+json\" class=\"yoast-schema-graph\">{\"@context\":\"https:\/\/schema.org\",\"@graph\":[{\"@type\":\"WebPage\",\"@id\":\"https:\/\/alladixital.org\/productu\/averamientu-al-asturianu-de-la-gueria-carrocera\/\",\"url\":\"https:\/\/alladixital.org\/productu\/averamientu-al-asturianu-de-la-gueria-carrocera\/\",\"name\":\"Averamientu al asturianu de La G\u00fceria Carrocera - Academia de la Llingua Asturiana\",\"isPartOf\":{\"@id\":\"https:\/\/alladixital.org\/#website\"},\"primaryImageOfPage\":{\"@id\":\"https:\/\/alladixital.org\/productu\/averamientu-al-asturianu-de-la-gueria-carrocera\/#primaryimage\"},\"image\":{\"@id\":\"https:\/\/alladixital.org\/productu\/averamientu-al-asturianu-de-la-gueria-carrocera\/#primaryimage\"},\"thumbnailUrl\":\"https:\/\/alladixital.org\/wp-content\/uploads\/2023\/07\/Averamientu-al-asturianu-de-La-Gueria-Carrocera.png\",\"datePublished\":\"2023-07-13T07:47:55+00:00\",\"dateModified\":\"2023-07-13T08:20:17+00:00\",\"breadcrumb\":{\"@id\":\"https:\/\/alladixital.org\/productu\/averamientu-al-asturianu-de-la-gueria-carrocera\/#breadcrumb\"},\"inLanguage\":\"eon-EON\",\"potentialAction\":[{\"@type\":\"ReadAction\",\"target\":[\"https:\/\/alladixital.org\/productu\/averamientu-al-asturianu-de-la-gueria-carrocera\/\"]}]},{\"@type\":\"ImageObject\",\"inLanguage\":\"eon-EON\",\"@id\":\"https:\/\/alladixital.org\/productu\/averamientu-al-asturianu-de-la-gueria-carrocera\/#primaryimage\",\"url\":\"https:\/\/alladixital.org\/wp-content\/uploads\/2023\/07\/Averamientu-al-asturianu-de-La-Gueria-Carrocera.png\",\"contentUrl\":\"https:\/\/alladixital.org\/wp-content\/uploads\/2023\/07\/Averamientu-al-asturianu-de-La-Gueria-Carrocera.png\",\"width\":562,\"height\":786},{\"@type\":\"BreadcrumbList\",\"@id\":\"https:\/\/alladixital.org\/productu\/averamientu-al-asturianu-de-la-gueria-carrocera\/#breadcrumb\",\"itemListElement\":[{\"@type\":\"ListItem\",\"position\":1,\"name\":\"Portada\",\"item\":\"https:\/\/alladixital.org\/eon\/\"},{\"@type\":\"ListItem\",\"position\":2,\"name\":\"Tienda\",\"item\":\"https:\/\/alladixital.org\/eon\/tienda-2\/\"},{\"@type\":\"ListItem\",\"position\":3,\"name\":\"Averamientu al asturianu de La G\u00fceria Carrocera\"}]},{\"@type\":\"WebSite\",\"@id\":\"https:\/\/alladixital.org\/#website\",\"url\":\"https:\/\/alladixital.org\/\",\"name\":\"Academia de la Llingua Asturiana\",\"description\":\"ALLA\",\"publisher\":{\"@id\":\"https:\/\/alladixital.org\/#organization\"},\"potentialAction\":[{\"@type\":\"SearchAction\",\"target\":{\"@type\":\"EntryPoint\",\"urlTemplate\":\"https:\/\/alladixital.org\/?s={search_term_string}\"},\"query-input\":{\"@type\":\"PropertyValueSpecification\",\"valueRequired\":true,\"valueName\":\"search_term_string\"}}],\"inLanguage\":\"eon-EON\"},{\"@type\":\"Organization\",\"@id\":\"https:\/\/alladixital.org\/#organization\",\"name\":\"Academia de la Llingua Asturiana\",\"url\":\"https:\/\/alladixital.org\/\",\"logo\":{\"@type\":\"ImageObject\",\"inLanguage\":\"eon-EON\",\"@id\":\"https:\/\/alladixital.org\/#\/schema\/logo\/image\/\",\"url\":\"https:\/\/alladixital.org\/wp-content\/uploads\/2022\/08\/logo_LLINGUA_280_V3.jpg\",\"contentUrl\":\"https:\/\/alladixital.org\/wp-content\/uploads\/2022\/08\/logo_LLINGUA_280_V3.jpg\",\"width\":1064,\"height\":1096,\"caption\":\"Academia de la Llingua Asturiana\"},\"image\":{\"@id\":\"https:\/\/alladixital.org\/#\/schema\/logo\/image\/\"},\"sameAs\":[\"https:\/\/www.facebook.com\/AcademiadelaLlinguaAsturiana\/\",\"https:\/\/x.com\/ALLA_ast\"]}]}<\/script>\n<!-- \/ Yoast SEO plugin. -->","yoast_head_json":{"title":"Averamientu al asturianu de La G\u00fceria Carrocera - Academia de la Llingua Asturiana","robots":{"index":"index","follow":"follow","max-snippet":"max-snippet:-1","max-image-preview":"max-image-preview:large","max-video-preview":"max-video-preview:-1"},"canonical":"https:\/\/alladixital.org\/productu\/averamientu-al-asturianu-de-la-gueria-carrocera\/","og_locale":"eo_EO","og_type":"article","og_title":"Averamientu al asturianu de La G\u00fceria Carrocera - Academia de la Llingua Asturiana","og_description":"N\u2019Averamientu al asturianu de La G\u00fceria Carrocera faise una contribuci\u00f3n al\u00a0 estudiu xeneral de la llingua asturiana pente medies de la caracterizaci\u00f3n d\u2019una de les sos realizaciones xeolectales concretes. T\u00f3mase, &hellip; Continue reading \"Averamientu al asturianu de La G\u00fceria Carrocera\"","og_url":"https:\/\/alladixital.org\/productu\/averamientu-al-asturianu-de-la-gueria-carrocera\/","og_site_name":"Academia de la Llingua Asturiana","article_publisher":"https:\/\/www.facebook.com\/AcademiadelaLlinguaAsturiana\/","article_modified_time":"2023-07-13T08:20:17+00:00","og_image":[{"width":562,"height":786,"url":"https:\/\/alladixital.org\/wp-content\/uploads\/2023\/07\/Averamientu-al-asturianu-de-La-Gueria-Carrocera.png","type":"image\/png"}],"twitter_card":"summary_large_image","twitter_site":"@ALLA_ast","schema":{"@context":"https:\/\/schema.org","@graph":[{"@type":"WebPage","@id":"https:\/\/alladixital.org\/productu\/averamientu-al-asturianu-de-la-gueria-carrocera\/","url":"https:\/\/alladixital.org\/productu\/averamientu-al-asturianu-de-la-gueria-carrocera\/","name":"Averamientu al asturianu de La G\u00fceria Carrocera - Academia de la Llingua Asturiana","isPartOf":{"@id":"https:\/\/alladixital.org\/#website"},"primaryImageOfPage":{"@id":"https:\/\/alladixital.org\/productu\/averamientu-al-asturianu-de-la-gueria-carrocera\/#primaryimage"},"image":{"@id":"https:\/\/alladixital.org\/productu\/averamientu-al-asturianu-de-la-gueria-carrocera\/#primaryimage"},"thumbnailUrl":"https:\/\/alladixital.org\/wp-content\/uploads\/2023\/07\/Averamientu-al-asturianu-de-La-Gueria-Carrocera.png","datePublished":"2023-07-13T07:47:55+00:00","dateModified":"2023-07-13T08:20:17+00:00","breadcrumb":{"@id":"https:\/\/alladixital.org\/productu\/averamientu-al-asturianu-de-la-gueria-carrocera\/#breadcrumb"},"inLanguage":"eon-EON","potentialAction":[{"@type":"ReadAction","target":["https:\/\/alladixital.org\/productu\/averamientu-al-asturianu-de-la-gueria-carrocera\/"]}]},{"@type":"ImageObject","inLanguage":"eon-EON","@id":"https:\/\/alladixital.org\/productu\/averamientu-al-asturianu-de-la-gueria-carrocera\/#primaryimage","url":"https:\/\/alladixital.org\/wp-content\/uploads\/2023\/07\/Averamientu-al-asturianu-de-La-Gueria-Carrocera.png","contentUrl":"https:\/\/alladixital.org\/wp-content\/uploads\/2023\/07\/Averamientu-al-asturianu-de-La-Gueria-Carrocera.png","width":562,"height":786},{"@type":"BreadcrumbList","@id":"https:\/\/alladixital.org\/productu\/averamientu-al-asturianu-de-la-gueria-carrocera\/#breadcrumb","itemListElement":[{"@type":"ListItem","position":1,"name":"Portada","item":"https:\/\/alladixital.org\/eon\/"},{"@type":"ListItem","position":2,"name":"Tienda","item":"https:\/\/alladixital.org\/eon\/tienda-2\/"},{"@type":"ListItem","position":3,"name":"Averamientu al asturianu de La G\u00fceria Carrocera"}]},{"@type":"WebSite","@id":"https:\/\/alladixital.org\/#website","url":"https:\/\/alladixital.org\/","name":"Academia de la Llingua Asturiana","description":"ALLA","publisher":{"@id":"https:\/\/alladixital.org\/#organization"},"potentialAction":[{"@type":"SearchAction","target":{"@type":"EntryPoint","urlTemplate":"https:\/\/alladixital.org\/?s={search_term_string}"},"query-input":{"@type":"PropertyValueSpecification","valueRequired":true,"valueName":"search_term_string"}}],"inLanguage":"eon-EON"},{"@type":"Organization","@id":"https:\/\/alladixital.org\/#organization","name":"Academia de la Llingua Asturiana","url":"https:\/\/alladixital.org\/","logo":{"@type":"ImageObject","inLanguage":"eon-EON","@id":"https:\/\/alladixital.org\/#\/schema\/logo\/image\/","url":"https:\/\/alladixital.org\/wp-content\/uploads\/2022\/08\/logo_LLINGUA_280_V3.jpg","contentUrl":"https:\/\/alladixital.org\/wp-content\/uploads\/2022\/08\/logo_LLINGUA_280_V3.jpg","width":1064,"height":1096,"caption":"Academia de la Llingua Asturiana"},"image":{"@id":"https:\/\/alladixital.org\/#\/schema\/logo\/image\/"},"sameAs":["https:\/\/www.facebook.com\/AcademiadelaLlinguaAsturiana\/","https:\/\/x.com\/ALLA_ast"]}]}},"brizy_media":[],"_links":{"self":[{"href":"https:\/\/alladixital.org\/eon\/wp-json\/wp\/v2\/product\/20654","targetHints":{"allow":["GET"]}}],"collection":[{"href":"https:\/\/alladixital.org\/eon\/wp-json\/wp\/v2\/product"}],"about":[{"href":"https:\/\/alladixital.org\/eon\/wp-json\/wp\/v2\/types\/product"}],"replies":[{"embeddable":true,"href":"https:\/\/alladixital.org\/eon\/wp-json\/wp\/v2\/comments?post=20654"}],"wp:featuredmedia":[{"embeddable":true,"href":"https:\/\/alladixital.org\/eon\/wp-json\/wp\/v2\/media\/20658"}],"wp:attachment":[{"href":"https:\/\/alladixital.org\/eon\/wp-json\/wp\/v2\/media?parent=20654"}],"wp:term":[{"taxonomy":"product_brand","embeddable":true,"href":"https:\/\/alladixital.org\/eon\/wp-json\/wp\/v2\/product_brand?post=20654"},{"taxonomy":"product_cat","embeddable":true,"href":"https:\/\/alladixital.org\/eon\/wp-json\/wp\/v2\/product_cat?post=20654"},{"taxonomy":"product_tag","embeddable":true,"href":"https:\/\/alladixital.org\/eon\/wp-json\/wp\/v2\/product_tag?post=20654"}],"curies":[{"name":"wp","href":"https:\/\/api.w.org\/{rel}","templated":true}]}}

Averamientu al asturianu de La Güeria Carrocera

<p>N’<em>Averamientu al asturianu de La Güeria Carrocera </em>faise una contribución al  estudiu xeneral de la llingua asturiana pente medies de la caracterización d’una de les sos realizaciones xeolectales concretes. Tómase, como corpus de referencia, una amuesa de testos orales grabaos pola autora nos últimos años a distintos vecinos del llugar, que se trescriben dafechu acordies a dellos criterios esplícitos y que s’ufren na primer parte del trabayu, tres d’una introducción. El métodu que se sigue na presentación y analís de los datos llingüísticos, na segunda parte de la investigación, ye de corte  fundamentalmente estructuralista. Afítase asina una división basada na clásica separtación según los planos del llinguax y tiénense en cuenta tres grandes estayes, como son la de la fonética y fonoloxía, la de la morfosintaxis y la del léxicu, a la que s’amiesta una última que cinca a la onomástica. L’enfoque adoptáu nel tratamientu de la información ye, pola finalidá mesma d’esti trabayu, de calter sincrónicu, anque tamién s’atiende puntualmente al aspectu diacrónicu. Constitúi, en definitiva, un estudiu qu’aspira a describir dende dientro, y baxo l’abellugu del conxuntu del sistema llingüísticu asturianu, una espresión dialectal específica de la llingua.<br />
<script></script></p>

<p>N’Averamientu al asturianu de La Güeria Carrocera faise una contribución al  estudiu xeneral de la llingua asturiana pente medies de la caracterización d’una de les sos realizaciones xeolectales concretes. Tómase, &hellip; </p>
<p class="link-more"><a href="https://alladixital.org/eon/producto/averamientu-al-asturianu-de-la-gueria-carrocera/" class="more-link">Continue reading<span class="screen-reader-text"> &#8220;Averamientu al asturianu de La Güeria Carrocera&#8221;</span></a></p>

<!-- This site is optimized with the Yoast SEO plugin v26.7 - https://yoast.com/wordpress/plugins/seo/ -->
<title>Averamientu al asturianu de La Güeria Carrocera - Academia de la Llingua Asturiana</title>
<meta name="robots" content="index, follow, max-snippet:-1, max-image-preview:large, max-video-preview:-1" />
<link rel="canonical" href="https://alladixital.org/productu/averamientu-al-asturianu-de-la-gueria-carrocera/" />
<meta property="og:locale" content="eo_EO" />
<meta property="og:type" content="article" />
<meta property="og:title" content="Averamientu al asturianu de La Güeria Carrocera - Academia de la Llingua Asturiana" />
<meta property="og:description" content="N’Averamientu al asturianu de La Güeria Carrocera faise una contribución al  estudiu xeneral de la llingua asturiana pente medies de la caracterización d’una de les sos realizaciones xeolectales concretes. Tómase, &hellip; Continue reading &quot;Averamientu al asturianu de La Güeria Carrocera&quot;" />
<meta property="og:url" content="https://alladixital.org/productu/averamientu-al-asturianu-de-la-gueria-carrocera/" />
<meta property="og:site_name" content="Academia de la Llingua Asturiana" />
<meta property="article:publisher" content="https://www.facebook.com/AcademiadelaLlinguaAsturiana/" />
<meta property="article:modified_time" content="2023-07-13T08:20:17+00:00" />
<meta property="og:image" content="https://alladixital.org/wp-content/uploads/2023/07/Averamientu-al-asturianu-de-La-Gueria-Carrocera.png" />
	<meta property="og:image:width" content="562" />
	<meta property="og:image:height" content="786" />
	<meta property="og:image:type" content="image/png" />
<meta name="twitter:card" content="summary_large_image" />
<meta name="twitter:site" content="@ALLA_ast" />
<script type="application/ld+json" class="yoast-schema-graph">{"@context":"https://schema.org","@graph":[{"@type":"WebPage","@id":"https://alladixital.org/productu/averamientu-al-asturianu-de-la-gueria-carrocera/","url":"https://alladixital.org/productu/averamientu-al-asturianu-de-la-gueria-carrocera/","name":"Averamientu al asturianu de La Güeria Carrocera - Academia de la Llingua Asturiana","isPartOf":{"@id":"https://alladixital.org/#website"},"primaryImageOfPage":{"@id":"https://alladixital.org/productu/averamientu-al-asturianu-de-la-gueria-carrocera/#primaryimage"},"image":{"@id":"https://alladixital.org/productu/averamientu-al-asturianu-de-la-gueria-carrocera/#primaryimage"},"thumbnailUrl":"https://alladixital.org/wp-content/uploads/2023/07/Averamientu-al-asturianu-de-La-Gueria-Carrocera.png","datePublished":"2023-07-13T07:47:55+00:00","dateModified":"2023-07-13T08:20:17+00:00","breadcrumb":{"@id":"https://alladixital.org/productu/averamientu-al-asturianu-de-la-gueria-carrocera/#breadcrumb"},"inLanguage":"eon-EON","potentialAction":[{"@type":"ReadAction","target":["https://alladixital.org/productu/averamientu-al-asturianu-de-la-gueria-carrocera/"]}]},{"@type":"ImageObject","inLanguage":"eon-EON","@id":"https://alladixital.org/productu/averamientu-al-asturianu-de-la-gueria-carrocera/#primaryimage","url":"https://alladixital.org/wp-content/uploads/2023/07/Averamientu-al-asturianu-de-La-Gueria-Carrocera.png","contentUrl":"https://alladixital.org/wp-content/uploads/2023/07/Averamientu-al-asturianu-de-La-Gueria-Carrocera.png","width":562,"height":786},{"@type":"BreadcrumbList","@id":"https://alladixital.org/productu/averamientu-al-asturianu-de-la-gueria-carrocera/#breadcrumb","itemListElement":[{"@type":"ListItem","position":1,"name":"Portada","item":"https://alladixital.org/eon/"},{"@type":"ListItem","position":2,"name":"Tienda","item":"https://alladixital.org/eon/tienda-2/"},{"@type":"ListItem","position":3,"name":"Averamientu al asturianu de La Güeria Carrocera"}]},{"@type":"WebSite","@id":"https://alladixital.org/#website","url":"https://alladixital.org/","name":"Academia de la Llingua Asturiana","description":"ALLA","publisher":{"@id":"https://alladixital.org/#organization"},"potentialAction":[{"@type":"SearchAction","target":{"@type":"EntryPoint","urlTemplate":"https://alladixital.org/?s={search_term_string}"},"query-input":{"@type":"PropertyValueSpecification","valueRequired":true,"valueName":"search_term_string"}}],"inLanguage":"eon-EON"},{"@type":"Organization","@id":"https://alladixital.org/#organization","name":"Academia de la Llingua Asturiana","url":"https://alladixital.org/","logo":{"@type":"ImageObject","inLanguage":"eon-EON","@id":"https://alladixital.org/#/schema/logo/image/","url":"https://alladixital.org/wp-content/uploads/2022/08/logo_LLINGUA_280_V3.jpg","contentUrl":"https://alladixital.org/wp-content/uploads/2022/08/logo_LLINGUA_280_V3.jpg","width":1064,"height":1096,"caption":"Academia de la Llingua Asturiana"},"image":{"@id":"https://alladixital.org/#/schema/logo/image/"},"sameAs":["https://www.facebook.com/AcademiadelaLlinguaAsturiana/","https://x.com/ALLA_ast"]}]}</script>
<!-- / Yoast SEO plugin. -->

Averamientu al asturianu de La Güeria Carrocera - Academia de la Llingua Asturiana

N’Averamientu al asturianu de La Güeria Carrocera faise una contribución al  estudiu xeneral de la llingua asturiana pente medies de la caracterización d’una de les sos realizaciones xeolectales concretes. Tómase, &hellip; Continue reading "Averamientu al asturianu de La Güeria Carrocera"
