{"id":27307,"date":"2024-10-22T10:23:43","date_gmt":"2024-10-22T08:23:43","guid":{"rendered":"https:\/\/alladixital.org\/?post_type=product&#038;p=27307"},"modified":"2024-10-22T10:23:44","modified_gmt":"2024-10-22T08:23:44","slug":"exercicios-destilu","status":"publish","type":"product","link":"https:\/\/alladixital.org\/eon\/producto\/exercicios-destilu\/","title":{"rendered":"Exercicios d&#8217;estilu"},"content":{"rendered":"<p>Nel a\u00f1u 1947 Ediciones Gallimard asoleyar\u00eda la primer edici\u00f3n d\u2019una obra del escritor Raymond Queneau (Le Havre 1903 &#8211; Par\u00eds 1976), non mui llarga n\u2019estensi\u00f3n, titulada <em>Exercices de style<\/em>. Nel primer rellatu de la mesma, col t\u00edtulu de \u00abNotations\u00bb (\u00abAnotaciones\u00bb) y a mou d\u2019introducci\u00f3n, rell\u00e1tase un fechu casual y qu\u2019hasta cuasi podr\u00edemos calificar como insignificante: en Par\u00eds, nun autob\u00fas enllenu hasta arriba de xente y nuna hora punta, el narrador alvierte ente los viaxeros a un personaxe un tanto particular, especialmente no que se refier al so aspeutu f\u00edsicu y a la vistimienta que lleva. Esti personaxe protagoniza un alcontr\u00f3n con otru viaxeru al que-y echa la culpa de pisotia-y los pies a posta cada vez que baxen o monten otros viaxeros. Dos hores m\u00e1s tarde, el narrador vuelve topar a esti mesmu personaxe delantre la estaci\u00f3n de Saint-Lazare. Taba falando con un collaciu vist\u00edu igual qu\u2019\u00e9l que-y fac\u00eda un comentariu sobre un bot\u00f3n del abrigu.<\/p>\n<p>Darr\u00e9u d\u2019esti primer episodiu Queneau entama a xugar con esta historia, present\u00e1ndonosla d\u2019otres 98 maneres distintes y configurando col so testu un exerciciu lling\u00fc\u00edsticu y lliterariu que la cr\u00edtica consider\u00f3 y sigue considerando angua\u00f1o como un manifiestu a la escontra de la separtaci\u00f3n tradicional ente la teor\u00eda lliteraria y la pr\u00e1utica de la escritura y que, a lo llargo los a\u00f1os, llegar\u00eda a convertise, arriendes de nun testu cl\u00e1sicu, nun manual de teor\u00eda estil\u00edstica perconoc\u00edu, consult\u00e1u y apreci\u00e1u.<\/p>\n","protected":false},"excerpt":{"rendered":"<p>Nel a\u00f1u 1947 Ediciones Gallimard asoleyar\u00eda la primer edici\u00f3n d\u2019una obra del escritor Raymond Queneau (Le Havre 1903 &#8211; Par\u00eds 1976), non mui llarga n\u2019estensi\u00f3n, titulada Exercices de style. Nel &hellip; <\/p>\n<p class=\"link-more\"><a href=\"https:\/\/alladixital.org\/eon\/producto\/exercicios-destilu\/\" class=\"more-link\">Continue reading<span class=\"screen-reader-text\"> &#8220;Exercicios d&#8217;estilu&#8221;<\/span><\/a><\/p>\n","protected":false},"featured_media":27308,"comment_status":"closed","ping_status":"closed","template":"","meta":{"_acf_changed":false},"product_brand":[],"product_cat":[740],"product_tag":[],"class_list":{"0":"post-27307","1":"product","2":"type-product","3":"status-publish","4":"has-post-thumbnail","6":"product_cat-llibreria-academica","7":"pa_anu-1147","8":"pa_autor-raymond-queneau","9":"pa_editorial-alla","10":"pa_idioma-asturianu","12":"first","13":"instock","14":"shipping-taxable","15":"product-type-simple"},"acf":[],"yoast_head":"<!-- This site is optimized with the Yoast SEO plugin v26.7 - https:\/\/yoast.com\/wordpress\/plugins\/seo\/ -->\n<title>Exercicios d&#039;estilu - Academia de la Llingua Asturiana<\/title>\n<meta name=\"robots\" content=\"index, follow, max-snippet:-1, max-image-preview:large, max-video-preview:-1\" \/>\n<link rel=\"canonical\" href=\"https:\/\/alladixital.org\/productu\/exercicios-destilu\/\" \/>\n<meta property=\"og:locale\" content=\"eo_EO\" \/>\n<meta property=\"og:type\" content=\"article\" \/>\n<meta property=\"og:title\" content=\"Exercicios d&#039;estilu - Academia de la Llingua Asturiana\" \/>\n<meta property=\"og:description\" content=\"Nel a\u00f1u 1947 Ediciones Gallimard asoleyar\u00eda la primer edici\u00f3n d\u2019una obra del escritor Raymond Queneau (Le Havre 1903 &#8211; Par\u00eds 1976), non mui llarga n\u2019estensi\u00f3n, titulada Exercices de style. Nel &hellip; Continue reading &quot;Exercicios d&#8217;estilu&quot;\" \/>\n<meta property=\"og:url\" content=\"https:\/\/alladixital.org\/productu\/exercicios-destilu\/\" \/>\n<meta property=\"og:site_name\" content=\"Academia de la Llingua Asturiana\" \/>\n<meta property=\"article:publisher\" content=\"https:\/\/www.facebook.com\/AcademiadelaLlinguaAsturiana\/\" \/>\n<meta property=\"article:modified_time\" content=\"2024-10-22T08:23:44+00:00\" \/>\n<meta property=\"og:image\" content=\"https:\/\/alladixital.org\/wp-content\/uploads\/2024\/10\/Portada-Exercicios-destilu.png\" \/>\n\t<meta property=\"og:image:width\" content=\"1520\" \/>\n\t<meta property=\"og:image:height\" content=\"2403\" \/>\n\t<meta property=\"og:image:type\" content=\"image\/png\" \/>\n<meta name=\"twitter:card\" content=\"summary_large_image\" \/>\n<meta name=\"twitter:site\" content=\"@ALLA_ast\" \/>\n<script type=\"application\/ld+json\" class=\"yoast-schema-graph\">{\"@context\":\"https:\/\/schema.org\",\"@graph\":[{\"@type\":\"WebPage\",\"@id\":\"https:\/\/alladixital.org\/productu\/exercicios-destilu\/\",\"url\":\"https:\/\/alladixital.org\/productu\/exercicios-destilu\/\",\"name\":\"Exercicios d'estilu - Academia de la Llingua Asturiana\",\"isPartOf\":{\"@id\":\"https:\/\/alladixital.org\/#website\"},\"primaryImageOfPage\":{\"@id\":\"https:\/\/alladixital.org\/productu\/exercicios-destilu\/#primaryimage\"},\"image\":{\"@id\":\"https:\/\/alladixital.org\/productu\/exercicios-destilu\/#primaryimage\"},\"thumbnailUrl\":\"https:\/\/alladixital.org\/wp-content\/uploads\/2024\/10\/Portada-Exercicios-destilu.png\",\"datePublished\":\"2024-10-22T08:23:43+00:00\",\"dateModified\":\"2024-10-22T08:23:44+00:00\",\"breadcrumb\":{\"@id\":\"https:\/\/alladixital.org\/productu\/exercicios-destilu\/#breadcrumb\"},\"inLanguage\":\"eon-EON\",\"potentialAction\":[{\"@type\":\"ReadAction\",\"target\":[\"https:\/\/alladixital.org\/productu\/exercicios-destilu\/\"]}]},{\"@type\":\"ImageObject\",\"inLanguage\":\"eon-EON\",\"@id\":\"https:\/\/alladixital.org\/productu\/exercicios-destilu\/#primaryimage\",\"url\":\"https:\/\/alladixital.org\/wp-content\/uploads\/2024\/10\/Portada-Exercicios-destilu.png\",\"contentUrl\":\"https:\/\/alladixital.org\/wp-content\/uploads\/2024\/10\/Portada-Exercicios-destilu.png\",\"width\":1520,\"height\":2403},{\"@type\":\"BreadcrumbList\",\"@id\":\"https:\/\/alladixital.org\/productu\/exercicios-destilu\/#breadcrumb\",\"itemListElement\":[{\"@type\":\"ListItem\",\"position\":1,\"name\":\"Portada\",\"item\":\"https:\/\/alladixital.org\/eon\/\"},{\"@type\":\"ListItem\",\"position\":2,\"name\":\"Tienda\",\"item\":\"https:\/\/alladixital.org\/eon\/tienda-2\/\"},{\"@type\":\"ListItem\",\"position\":3,\"name\":\"Exercicios d&#8217;estilu\"}]},{\"@type\":\"WebSite\",\"@id\":\"https:\/\/alladixital.org\/#website\",\"url\":\"https:\/\/alladixital.org\/\",\"name\":\"Academia de la Llingua Asturiana\",\"description\":\"ALLA\",\"publisher\":{\"@id\":\"https:\/\/alladixital.org\/#organization\"},\"potentialAction\":[{\"@type\":\"SearchAction\",\"target\":{\"@type\":\"EntryPoint\",\"urlTemplate\":\"https:\/\/alladixital.org\/?s={search_term_string}\"},\"query-input\":{\"@type\":\"PropertyValueSpecification\",\"valueRequired\":true,\"valueName\":\"search_term_string\"}}],\"inLanguage\":\"eon-EON\"},{\"@type\":\"Organization\",\"@id\":\"https:\/\/alladixital.org\/#organization\",\"name\":\"Academia de la Llingua Asturiana\",\"url\":\"https:\/\/alladixital.org\/\",\"logo\":{\"@type\":\"ImageObject\",\"inLanguage\":\"eon-EON\",\"@id\":\"https:\/\/alladixital.org\/#\/schema\/logo\/image\/\",\"url\":\"https:\/\/alladixital.org\/wp-content\/uploads\/2022\/08\/logo_LLINGUA_280_V3.jpg\",\"contentUrl\":\"https:\/\/alladixital.org\/wp-content\/uploads\/2022\/08\/logo_LLINGUA_280_V3.jpg\",\"width\":1064,\"height\":1096,\"caption\":\"Academia de la Llingua Asturiana\"},\"image\":{\"@id\":\"https:\/\/alladixital.org\/#\/schema\/logo\/image\/\"},\"sameAs\":[\"https:\/\/www.facebook.com\/AcademiadelaLlinguaAsturiana\/\",\"https:\/\/x.com\/ALLA_ast\"]}]}<\/script>\n<!-- \/ Yoast SEO plugin. -->","yoast_head_json":{"title":"Exercicios d'estilu - Academia de la Llingua Asturiana","robots":{"index":"index","follow":"follow","max-snippet":"max-snippet:-1","max-image-preview":"max-image-preview:large","max-video-preview":"max-video-preview:-1"},"canonical":"https:\/\/alladixital.org\/productu\/exercicios-destilu\/","og_locale":"eo_EO","og_type":"article","og_title":"Exercicios d'estilu - Academia de la Llingua Asturiana","og_description":"Nel a\u00f1u 1947 Ediciones Gallimard asoleyar\u00eda la primer edici\u00f3n d\u2019una obra del escritor Raymond Queneau (Le Havre 1903 &#8211; Par\u00eds 1976), non mui llarga n\u2019estensi\u00f3n, titulada Exercices de style. Nel &hellip; Continue reading \"Exercicios d&#8217;estilu\"","og_url":"https:\/\/alladixital.org\/productu\/exercicios-destilu\/","og_site_name":"Academia de la Llingua Asturiana","article_publisher":"https:\/\/www.facebook.com\/AcademiadelaLlinguaAsturiana\/","article_modified_time":"2024-10-22T08:23:44+00:00","og_image":[{"width":1520,"height":2403,"url":"https:\/\/alladixital.org\/wp-content\/uploads\/2024\/10\/Portada-Exercicios-destilu.png","type":"image\/png"}],"twitter_card":"summary_large_image","twitter_site":"@ALLA_ast","schema":{"@context":"https:\/\/schema.org","@graph":[{"@type":"WebPage","@id":"https:\/\/alladixital.org\/productu\/exercicios-destilu\/","url":"https:\/\/alladixital.org\/productu\/exercicios-destilu\/","name":"Exercicios d'estilu - Academia de la Llingua Asturiana","isPartOf":{"@id":"https:\/\/alladixital.org\/#website"},"primaryImageOfPage":{"@id":"https:\/\/alladixital.org\/productu\/exercicios-destilu\/#primaryimage"},"image":{"@id":"https:\/\/alladixital.org\/productu\/exercicios-destilu\/#primaryimage"},"thumbnailUrl":"https:\/\/alladixital.org\/wp-content\/uploads\/2024\/10\/Portada-Exercicios-destilu.png","datePublished":"2024-10-22T08:23:43+00:00","dateModified":"2024-10-22T08:23:44+00:00","breadcrumb":{"@id":"https:\/\/alladixital.org\/productu\/exercicios-destilu\/#breadcrumb"},"inLanguage":"eon-EON","potentialAction":[{"@type":"ReadAction","target":["https:\/\/alladixital.org\/productu\/exercicios-destilu\/"]}]},{"@type":"ImageObject","inLanguage":"eon-EON","@id":"https:\/\/alladixital.org\/productu\/exercicios-destilu\/#primaryimage","url":"https:\/\/alladixital.org\/wp-content\/uploads\/2024\/10\/Portada-Exercicios-destilu.png","contentUrl":"https:\/\/alladixital.org\/wp-content\/uploads\/2024\/10\/Portada-Exercicios-destilu.png","width":1520,"height":2403},{"@type":"BreadcrumbList","@id":"https:\/\/alladixital.org\/productu\/exercicios-destilu\/#breadcrumb","itemListElement":[{"@type":"ListItem","position":1,"name":"Portada","item":"https:\/\/alladixital.org\/eon\/"},{"@type":"ListItem","position":2,"name":"Tienda","item":"https:\/\/alladixital.org\/eon\/tienda-2\/"},{"@type":"ListItem","position":3,"name":"Exercicios d&#8217;estilu"}]},{"@type":"WebSite","@id":"https:\/\/alladixital.org\/#website","url":"https:\/\/alladixital.org\/","name":"Academia de la Llingua Asturiana","description":"ALLA","publisher":{"@id":"https:\/\/alladixital.org\/#organization"},"potentialAction":[{"@type":"SearchAction","target":{"@type":"EntryPoint","urlTemplate":"https:\/\/alladixital.org\/?s={search_term_string}"},"query-input":{"@type":"PropertyValueSpecification","valueRequired":true,"valueName":"search_term_string"}}],"inLanguage":"eon-EON"},{"@type":"Organization","@id":"https:\/\/alladixital.org\/#organization","name":"Academia de la Llingua Asturiana","url":"https:\/\/alladixital.org\/","logo":{"@type":"ImageObject","inLanguage":"eon-EON","@id":"https:\/\/alladixital.org\/#\/schema\/logo\/image\/","url":"https:\/\/alladixital.org\/wp-content\/uploads\/2022\/08\/logo_LLINGUA_280_V3.jpg","contentUrl":"https:\/\/alladixital.org\/wp-content\/uploads\/2022\/08\/logo_LLINGUA_280_V3.jpg","width":1064,"height":1096,"caption":"Academia de la Llingua Asturiana"},"image":{"@id":"https:\/\/alladixital.org\/#\/schema\/logo\/image\/"},"sameAs":["https:\/\/www.facebook.com\/AcademiadelaLlinguaAsturiana\/","https:\/\/x.com\/ALLA_ast"]}]}},"brizy_media":[],"_links":{"self":[{"href":"https:\/\/alladixital.org\/eon\/wp-json\/wp\/v2\/product\/27307","targetHints":{"allow":["GET"]}}],"collection":[{"href":"https:\/\/alladixital.org\/eon\/wp-json\/wp\/v2\/product"}],"about":[{"href":"https:\/\/alladixital.org\/eon\/wp-json\/wp\/v2\/types\/product"}],"replies":[{"embeddable":true,"href":"https:\/\/alladixital.org\/eon\/wp-json\/wp\/v2\/comments?post=27307"}],"wp:featuredmedia":[{"embeddable":true,"href":"https:\/\/alladixital.org\/eon\/wp-json\/wp\/v2\/media\/27308"}],"wp:attachment":[{"href":"https:\/\/alladixital.org\/eon\/wp-json\/wp\/v2\/media?parent=27307"}],"wp:term":[{"taxonomy":"product_brand","embeddable":true,"href":"https:\/\/alladixital.org\/eon\/wp-json\/wp\/v2\/product_brand?post=27307"},{"taxonomy":"product_cat","embeddable":true,"href":"https:\/\/alladixital.org\/eon\/wp-json\/wp\/v2\/product_cat?post=27307"},{"taxonomy":"product_tag","embeddable":true,"href":"https:\/\/alladixital.org\/eon\/wp-json\/wp\/v2\/product_tag?post=27307"}],"curies":[{"name":"wp","href":"https:\/\/api.w.org\/{rel}","templated":true}]}}