{"id":43267,"date":"2026-04-30T12:40:52","date_gmt":"2026-04-30T10:40:52","guid":{"rendered":"https:\/\/alladixital.org\/?post_type=product&#038;p=43267"},"modified":"2026-04-30T12:40:52","modified_gmt":"2026-04-30T10:40:52","slug":"viermo-carpinteiro-2","status":"publish","type":"product","link":"https:\/\/alladixital.org\/eon\/producto\/viermo-carpinteiro-2\/","title":{"rendered":"Viermo Carpinteiro 2"},"content":{"rendered":"<p>El n\u00famaro dous de <em>Viermo Carpinteiro<\/em>, a revista de creaci\u00f3n lliteraria en eonaviego da Secretar\u00eda Lling\u00fc\u00edstica del Navia-Eo. Nesta entrega sigue trabay\u00e1ndose pra qu\u2019as p\u00e1xinas d\u2019esta revista valan como calce d\u2019espresi\u00f3n pras voces consolidadas das nosas lletras, per\u00f3 tam\u00e9n col prop\u00f3sito d\u2019incentivar a creativid\u00e1 da xente nova. As vente collaboraciones de poes\u00eda, narrativa y traducci\u00f3n dan fe d\u2019ello.<\/p>\n<p>Tras el \u00e9sito del primeiro n\u00famaro, del que xa se fexo \u00faa reimpresi\u00f3n, el dise\u00f1o da revista sigue los motivos da obra art\u00edstica y cultural del Navia-Eo cua reinterpretaci\u00f3n xeom\u00e9trica dos finxos da industria hidr\u00e1ulica del territorio.<\/p>\n<p>&nbsp;<\/p>\n","protected":false},"excerpt":{"rendered":"<p>El n\u00famaro dous de Viermo Carpinteiro, a revista de creaci\u00f3n lliteraria en eonaviego da Secretar\u00eda Lling\u00fc\u00edstica del Navia-Eo. Nesta entrega sigue trabay\u00e1ndose pra qu\u2019as p\u00e1xinas d\u2019esta revista valan como calce &hellip; <\/p>\n<p class=\"link-more\"><a href=\"https:\/\/alladixital.org\/eon\/producto\/viermo-carpinteiro-2\/\" class=\"more-link\">Continue reading<span class=\"screen-reader-text\"> &#8220;Viermo Carpinteiro 2&#8221;<\/span><\/a><\/p>\n","protected":false},"featured_media":43268,"comment_status":"closed","ping_status":"closed","template":"","meta":{"_acf_changed":false},"product_brand":[],"product_cat":[1216],"product_tag":[],"class_list":{"0":"post-43267","1":"product","2":"type-product","3":"status-publish","4":"has-post-thumbnail","6":"product_cat-viermo-carpinteiro","7":"pa_anu-1410","8":"pa_autor-dd-aa","9":"pa_editorial-alla","10":"pa_idioma-eonaviego","12":"first","13":"instock","14":"shipping-taxable","15":"product-type-simple"},"acf":[],"yoast_head":"<!-- This site is optimized with the Yoast SEO plugin v26.7 - https:\/\/yoast.com\/wordpress\/plugins\/seo\/ -->\n<title>Viermo Carpinteiro 2 - Academia de la Llingua Asturiana<\/title>\n<meta name=\"robots\" content=\"index, follow, max-snippet:-1, max-image-preview:large, max-video-preview:-1\" \/>\n<link rel=\"canonical\" href=\"https:\/\/alladixital.org\/productu\/viermo-carpinteiro-2\/\" \/>\n<meta property=\"og:locale\" content=\"eo_EO\" \/>\n<meta property=\"og:type\" content=\"article\" \/>\n<meta property=\"og:title\" content=\"Viermo Carpinteiro 2 - Academia de la Llingua Asturiana\" \/>\n<meta property=\"og:description\" content=\"El n\u00famaro dous de Viermo Carpinteiro, a revista de creaci\u00f3n lliteraria en eonaviego da Secretar\u00eda Lling\u00fc\u00edstica del Navia-Eo. Nesta entrega sigue trabay\u00e1ndose pra qu\u2019as p\u00e1xinas d\u2019esta revista valan como calce &hellip; Continue reading &quot;Viermo Carpinteiro 2&quot;\" \/>\n<meta property=\"og:url\" content=\"https:\/\/alladixital.org\/productu\/viermo-carpinteiro-2\/\" \/>\n<meta property=\"og:site_name\" content=\"Academia de la Llingua Asturiana\" \/>\n<meta property=\"article:publisher\" content=\"https:\/\/www.facebook.com\/AcademiadelaLlinguaAsturiana\/\" \/>\n<meta property=\"og:image\" content=\"https:\/\/alladixital.org\/wp-content\/uploads\/2026\/04\/VC2-portada-viermo-carpinteiro.jpg\" \/>\n\t<meta property=\"og:image:width\" content=\"1080\" \/>\n\t<meta property=\"og:image:height\" content=\"1527\" \/>\n\t<meta property=\"og:image:type\" content=\"image\/jpeg\" \/>\n<meta name=\"twitter:card\" content=\"summary_large_image\" \/>\n<meta name=\"twitter:site\" content=\"@ALLA_ast\" \/>\n<script type=\"application\/ld+json\" class=\"yoast-schema-graph\">{\"@context\":\"https:\/\/schema.org\",\"@graph\":[{\"@type\":\"WebPage\",\"@id\":\"https:\/\/alladixital.org\/productu\/viermo-carpinteiro-2\/\",\"url\":\"https:\/\/alladixital.org\/productu\/viermo-carpinteiro-2\/\",\"name\":\"Viermo Carpinteiro 2 - Academia de la Llingua Asturiana\",\"isPartOf\":{\"@id\":\"https:\/\/alladixital.org\/#website\"},\"primaryImageOfPage\":{\"@id\":\"https:\/\/alladixital.org\/productu\/viermo-carpinteiro-2\/#primaryimage\"},\"image\":{\"@id\":\"https:\/\/alladixital.org\/productu\/viermo-carpinteiro-2\/#primaryimage\"},\"thumbnailUrl\":\"https:\/\/alladixital.org\/wp-content\/uploads\/2026\/04\/VC2-portada-viermo-carpinteiro.jpg\",\"datePublished\":\"2026-04-30T10:40:52+00:00\",\"breadcrumb\":{\"@id\":\"https:\/\/alladixital.org\/productu\/viermo-carpinteiro-2\/#breadcrumb\"},\"inLanguage\":\"eon-EON\",\"potentialAction\":[{\"@type\":\"ReadAction\",\"target\":[\"https:\/\/alladixital.org\/productu\/viermo-carpinteiro-2\/\"]}]},{\"@type\":\"ImageObject\",\"inLanguage\":\"eon-EON\",\"@id\":\"https:\/\/alladixital.org\/productu\/viermo-carpinteiro-2\/#primaryimage\",\"url\":\"https:\/\/alladixital.org\/wp-content\/uploads\/2026\/04\/VC2-portada-viermo-carpinteiro.jpg\",\"contentUrl\":\"https:\/\/alladixital.org\/wp-content\/uploads\/2026\/04\/VC2-portada-viermo-carpinteiro.jpg\",\"width\":1080,\"height\":1527},{\"@type\":\"BreadcrumbList\",\"@id\":\"https:\/\/alladixital.org\/productu\/viermo-carpinteiro-2\/#breadcrumb\",\"itemListElement\":[{\"@type\":\"ListItem\",\"position\":1,\"name\":\"Portada\",\"item\":\"https:\/\/alladixital.org\/eon\/\"},{\"@type\":\"ListItem\",\"position\":2,\"name\":\"Tienda\",\"item\":\"https:\/\/alladixital.org\/eon\/tienda-2\/\"},{\"@type\":\"ListItem\",\"position\":3,\"name\":\"Viermo Carpinteiro 2\"}]},{\"@type\":\"WebSite\",\"@id\":\"https:\/\/alladixital.org\/#website\",\"url\":\"https:\/\/alladixital.org\/\",\"name\":\"Academia de la Llingua Asturiana\",\"description\":\"ALLA\",\"publisher\":{\"@id\":\"https:\/\/alladixital.org\/#organization\"},\"potentialAction\":[{\"@type\":\"SearchAction\",\"target\":{\"@type\":\"EntryPoint\",\"urlTemplate\":\"https:\/\/alladixital.org\/?s={search_term_string}\"},\"query-input\":{\"@type\":\"PropertyValueSpecification\",\"valueRequired\":true,\"valueName\":\"search_term_string\"}}],\"inLanguage\":\"eon-EON\"},{\"@type\":\"Organization\",\"@id\":\"https:\/\/alladixital.org\/#organization\",\"name\":\"Academia de la Llingua Asturiana\",\"url\":\"https:\/\/alladixital.org\/\",\"logo\":{\"@type\":\"ImageObject\",\"inLanguage\":\"eon-EON\",\"@id\":\"https:\/\/alladixital.org\/#\/schema\/logo\/image\/\",\"url\":\"https:\/\/alladixital.org\/wp-content\/uploads\/2022\/08\/logo_LLINGUA_280_V3.jpg\",\"contentUrl\":\"https:\/\/alladixital.org\/wp-content\/uploads\/2022\/08\/logo_LLINGUA_280_V3.jpg\",\"width\":1064,\"height\":1096,\"caption\":\"Academia de la Llingua Asturiana\"},\"image\":{\"@id\":\"https:\/\/alladixital.org\/#\/schema\/logo\/image\/\"},\"sameAs\":[\"https:\/\/www.facebook.com\/AcademiadelaLlinguaAsturiana\/\",\"https:\/\/x.com\/ALLA_ast\"]}]}<\/script>\n<!-- \/ Yoast SEO plugin. -->","yoast_head_json":{"title":"Viermo Carpinteiro 2 - Academia de la Llingua Asturiana","robots":{"index":"index","follow":"follow","max-snippet":"max-snippet:-1","max-image-preview":"max-image-preview:large","max-video-preview":"max-video-preview:-1"},"canonical":"https:\/\/alladixital.org\/productu\/viermo-carpinteiro-2\/","og_locale":"eo_EO","og_type":"article","og_title":"Viermo Carpinteiro 2 - Academia de la Llingua Asturiana","og_description":"El n\u00famaro dous de Viermo Carpinteiro, a revista de creaci\u00f3n lliteraria en eonaviego da Secretar\u00eda Lling\u00fc\u00edstica del Navia-Eo. Nesta entrega sigue trabay\u00e1ndose pra qu\u2019as p\u00e1xinas d\u2019esta revista valan como calce &hellip; Continue reading \"Viermo Carpinteiro 2\"","og_url":"https:\/\/alladixital.org\/productu\/viermo-carpinteiro-2\/","og_site_name":"Academia de la Llingua Asturiana","article_publisher":"https:\/\/www.facebook.com\/AcademiadelaLlinguaAsturiana\/","og_image":[{"width":1080,"height":1527,"url":"https:\/\/alladixital.org\/wp-content\/uploads\/2026\/04\/VC2-portada-viermo-carpinteiro.jpg","type":"image\/jpeg"}],"twitter_card":"summary_large_image","twitter_site":"@ALLA_ast","schema":{"@context":"https:\/\/schema.org","@graph":[{"@type":"WebPage","@id":"https:\/\/alladixital.org\/productu\/viermo-carpinteiro-2\/","url":"https:\/\/alladixital.org\/productu\/viermo-carpinteiro-2\/","name":"Viermo Carpinteiro 2 - Academia de la Llingua Asturiana","isPartOf":{"@id":"https:\/\/alladixital.org\/#website"},"primaryImageOfPage":{"@id":"https:\/\/alladixital.org\/productu\/viermo-carpinteiro-2\/#primaryimage"},"image":{"@id":"https:\/\/alladixital.org\/productu\/viermo-carpinteiro-2\/#primaryimage"},"thumbnailUrl":"https:\/\/alladixital.org\/wp-content\/uploads\/2026\/04\/VC2-portada-viermo-carpinteiro.jpg","datePublished":"2026-04-30T10:40:52+00:00","breadcrumb":{"@id":"https:\/\/alladixital.org\/productu\/viermo-carpinteiro-2\/#breadcrumb"},"inLanguage":"eon-EON","potentialAction":[{"@type":"ReadAction","target":["https:\/\/alladixital.org\/productu\/viermo-carpinteiro-2\/"]}]},{"@type":"ImageObject","inLanguage":"eon-EON","@id":"https:\/\/alladixital.org\/productu\/viermo-carpinteiro-2\/#primaryimage","url":"https:\/\/alladixital.org\/wp-content\/uploads\/2026\/04\/VC2-portada-viermo-carpinteiro.jpg","contentUrl":"https:\/\/alladixital.org\/wp-content\/uploads\/2026\/04\/VC2-portada-viermo-carpinteiro.jpg","width":1080,"height":1527},{"@type":"BreadcrumbList","@id":"https:\/\/alladixital.org\/productu\/viermo-carpinteiro-2\/#breadcrumb","itemListElement":[{"@type":"ListItem","position":1,"name":"Portada","item":"https:\/\/alladixital.org\/eon\/"},{"@type":"ListItem","position":2,"name":"Tienda","item":"https:\/\/alladixital.org\/eon\/tienda-2\/"},{"@type":"ListItem","position":3,"name":"Viermo Carpinteiro 2"}]},{"@type":"WebSite","@id":"https:\/\/alladixital.org\/#website","url":"https:\/\/alladixital.org\/","name":"Academia de la Llingua Asturiana","description":"ALLA","publisher":{"@id":"https:\/\/alladixital.org\/#organization"},"potentialAction":[{"@type":"SearchAction","target":{"@type":"EntryPoint","urlTemplate":"https:\/\/alladixital.org\/?s={search_term_string}"},"query-input":{"@type":"PropertyValueSpecification","valueRequired":true,"valueName":"search_term_string"}}],"inLanguage":"eon-EON"},{"@type":"Organization","@id":"https:\/\/alladixital.org\/#organization","name":"Academia de la Llingua Asturiana","url":"https:\/\/alladixital.org\/","logo":{"@type":"ImageObject","inLanguage":"eon-EON","@id":"https:\/\/alladixital.org\/#\/schema\/logo\/image\/","url":"https:\/\/alladixital.org\/wp-content\/uploads\/2022\/08\/logo_LLINGUA_280_V3.jpg","contentUrl":"https:\/\/alladixital.org\/wp-content\/uploads\/2022\/08\/logo_LLINGUA_280_V3.jpg","width":1064,"height":1096,"caption":"Academia de la Llingua Asturiana"},"image":{"@id":"https:\/\/alladixital.org\/#\/schema\/logo\/image\/"},"sameAs":["https:\/\/www.facebook.com\/AcademiadelaLlinguaAsturiana\/","https:\/\/x.com\/ALLA_ast"]}]}},"brizy_media":[],"_links":{"self":[{"href":"https:\/\/alladixital.org\/eon\/wp-json\/wp\/v2\/product\/43267","targetHints":{"allow":["GET"]}}],"collection":[{"href":"https:\/\/alladixital.org\/eon\/wp-json\/wp\/v2\/product"}],"about":[{"href":"https:\/\/alladixital.org\/eon\/wp-json\/wp\/v2\/types\/product"}],"replies":[{"embeddable":true,"href":"https:\/\/alladixital.org\/eon\/wp-json\/wp\/v2\/comments?post=43267"}],"wp:featuredmedia":[{"embeddable":true,"href":"https:\/\/alladixital.org\/eon\/wp-json\/wp\/v2\/media\/43268"}],"wp:attachment":[{"href":"https:\/\/alladixital.org\/eon\/wp-json\/wp\/v2\/media?parent=43267"}],"wp:term":[{"taxonomy":"product_brand","embeddable":true,"href":"https:\/\/alladixital.org\/eon\/wp-json\/wp\/v2\/product_brand?post=43267"},{"taxonomy":"product_cat","embeddable":true,"href":"https:\/\/alladixital.org\/eon\/wp-json\/wp\/v2\/product_cat?post=43267"},{"taxonomy":"product_tag","embeddable":true,"href":"https:\/\/alladixital.org\/eon\/wp-json\/wp\/v2\/product_tag?post=43267"}],"curies":[{"name":"wp","href":"https:\/\/api.w.org\/{rel}","templated":true}]}}

<p>El númaro dous de <em>Viermo Carpinteiro</em>, a revista de creación lliteraria en eonaviego da Secretaría Llingüística del Navia-Eo. Nesta entrega sigue trabayándose pra qu’as páxinas d’esta revista valan como calce d’espresión pras voces consolidadas das nosas lletras, peró tamén col propósito d’incentivar a creatividá da xente nova. As vente collaboraciones de poesía, narrativa y traducción dan fe d’ello.</p>
<p>Tras el ésito del primeiro númaro, del que xa se fexo úa reimpresión, el diseño da revista sigue los motivos da obra artística y cultural del Navia-Eo cua reinterpretación xeométrica dos finxos da industria hidráulica del territorio.</p>
<p>&nbsp;</p>

<p>El númaro dous de Viermo Carpinteiro, a revista de creación lliteraria en eonaviego da Secretaría Llingüística del Navia-Eo. Nesta entrega sigue trabayándose pra qu’as páxinas d’esta revista valan como calce &hellip; </p>
<p class="link-more"><a href="https://alladixital.org/eon/producto/viermo-carpinteiro-2/" class="more-link">Continue reading<span class="screen-reader-text"> &#8220;Viermo Carpinteiro 2&#8221;</span></a></p>

<!-- This site is optimized with the Yoast SEO plugin v26.7 - https://yoast.com/wordpress/plugins/seo/ -->
<title>Viermo Carpinteiro 2 - Academia de la Llingua Asturiana</title>
<meta name="robots" content="index, follow, max-snippet:-1, max-image-preview:large, max-video-preview:-1" />
<link rel="canonical" href="https://alladixital.org/productu/viermo-carpinteiro-2/" />
<meta property="og:locale" content="eo_EO" />
<meta property="og:type" content="article" />
<meta property="og:title" content="Viermo Carpinteiro 2 - Academia de la Llingua Asturiana" />
<meta property="og:description" content="El númaro dous de Viermo Carpinteiro, a revista de creación lliteraria en eonaviego da Secretaría Llingüística del Navia-Eo. Nesta entrega sigue trabayándose pra qu’as páxinas d’esta revista valan como calce &hellip; Continue reading &quot;Viermo Carpinteiro 2&quot;" />
<meta property="og:url" content="https://alladixital.org/productu/viermo-carpinteiro-2/" />
<meta property="og:site_name" content="Academia de la Llingua Asturiana" />
<meta property="article:publisher" content="https://www.facebook.com/AcademiadelaLlinguaAsturiana/" />
<meta property="og:image" content="https://alladixital.org/wp-content/uploads/2026/04/VC2-portada-viermo-carpinteiro.jpg" />
	<meta property="og:image:width" content="1080" />
	<meta property="og:image:height" content="1527" />
	<meta property="og:image:type" content="image/jpeg" />
<meta name="twitter:card" content="summary_large_image" />
<meta name="twitter:site" content="@ALLA_ast" />
<script type="application/ld+json" class="yoast-schema-graph">{"@context":"https://schema.org","@graph":[{"@type":"WebPage","@id":"https://alladixital.org/productu/viermo-carpinteiro-2/","url":"https://alladixital.org/productu/viermo-carpinteiro-2/","name":"Viermo Carpinteiro 2 - Academia de la Llingua Asturiana","isPartOf":{"@id":"https://alladixital.org/#website"},"primaryImageOfPage":{"@id":"https://alladixital.org/productu/viermo-carpinteiro-2/#primaryimage"},"image":{"@id":"https://alladixital.org/productu/viermo-carpinteiro-2/#primaryimage"},"thumbnailUrl":"https://alladixital.org/wp-content/uploads/2026/04/VC2-portada-viermo-carpinteiro.jpg","datePublished":"2026-04-30T10:40:52+00:00","breadcrumb":{"@id":"https://alladixital.org/productu/viermo-carpinteiro-2/#breadcrumb"},"inLanguage":"eon-EON","potentialAction":[{"@type":"ReadAction","target":["https://alladixital.org/productu/viermo-carpinteiro-2/"]}]},{"@type":"ImageObject","inLanguage":"eon-EON","@id":"https://alladixital.org/productu/viermo-carpinteiro-2/#primaryimage","url":"https://alladixital.org/wp-content/uploads/2026/04/VC2-portada-viermo-carpinteiro.jpg","contentUrl":"https://alladixital.org/wp-content/uploads/2026/04/VC2-portada-viermo-carpinteiro.jpg","width":1080,"height":1527},{"@type":"BreadcrumbList","@id":"https://alladixital.org/productu/viermo-carpinteiro-2/#breadcrumb","itemListElement":[{"@type":"ListItem","position":1,"name":"Portada","item":"https://alladixital.org/eon/"},{"@type":"ListItem","position":2,"name":"Tienda","item":"https://alladixital.org/eon/tienda-2/"},{"@type":"ListItem","position":3,"name":"Viermo Carpinteiro 2"}]},{"@type":"WebSite","@id":"https://alladixital.org/#website","url":"https://alladixital.org/","name":"Academia de la Llingua Asturiana","description":"ALLA","publisher":{"@id":"https://alladixital.org/#organization"},"potentialAction":[{"@type":"SearchAction","target":{"@type":"EntryPoint","urlTemplate":"https://alladixital.org/?s={search_term_string}"},"query-input":{"@type":"PropertyValueSpecification","valueRequired":true,"valueName":"search_term_string"}}],"inLanguage":"eon-EON"},{"@type":"Organization","@id":"https://alladixital.org/#organization","name":"Academia de la Llingua Asturiana","url":"https://alladixital.org/","logo":{"@type":"ImageObject","inLanguage":"eon-EON","@id":"https://alladixital.org/#/schema/logo/image/","url":"https://alladixital.org/wp-content/uploads/2022/08/logo_LLINGUA_280_V3.jpg","contentUrl":"https://alladixital.org/wp-content/uploads/2022/08/logo_LLINGUA_280_V3.jpg","width":1064,"height":1096,"caption":"Academia de la Llingua Asturiana"},"image":{"@id":"https://alladixital.org/#/schema/logo/image/"},"sameAs":["https://www.facebook.com/AcademiadelaLlinguaAsturiana/","https://x.com/ALLA_ast"]}]}</script>
<!-- / Yoast SEO plugin. -->

El númaro dous de Viermo Carpinteiro, a revista de creación lliteraria en eonaviego da Secretaría Llingüística del Navia-Eo. Nesta entrega sigue trabayándose pra qu’as páxinas d’esta revista valan como calce &hellip; Continue reading "Viermo Carpinteiro 2"
