{"id":6323,"date":"2022-08-22T10:17:51","date_gmt":"2022-08-22T08:17:51","guid":{"rendered":"https:\/\/alladixital.org\/producto\/lexicu-de-los-medios-de-comunicacion-prensa-radio-y-tv\/"},"modified":"2022-08-22T10:17:51","modified_gmt":"2022-08-22T08:17:51","slug":"lexicu-de-los-medios-de-comunicacion-prensa-radio-y-tv","status":"publish","type":"product","link":"https:\/\/alladixital.org\/eon\/producto\/lexicu-de-los-medios-de-comunicacion-prensa-radio-y-tv\/","title":{"rendered":"L\u00e9xicu de los medios de comunicaci\u00f3n: Prensa, Radio y TV"},"content":{"rendered":"<p>Esta coleici\u00f3n ufre, d&#8217;un llau, modelos d&#8217;escritura y de titulaci\u00f3n d&#8217;estrem\u00e1u calter que van facer posible dir enanchando les posibilidaes p\u00fabliques del nuesu idioma. Al empar ap\u00farrense soluciones concretes pa problemes d&#8217;espresi\u00f3n de tolos d\u00edes.<br \/>\n<script><\/script><\/p>\n","protected":false},"excerpt":{"rendered":"<p>Esta coleici\u00f3n ufre, d&#8217;un llau, modelos d&#8217;escritura y de titulaci\u00f3n d&#8217;estrem\u00e1u calter que van facer posible dir enanchando les posibilidaes p\u00fabliques del nuesu idioma. Al empar ap\u00farrense soluciones concretes pa &hellip; <\/p>\n<p class=\"link-more\"><a href=\"https:\/\/alladixital.org\/eon\/producto\/lexicu-de-los-medios-de-comunicacion-prensa-radio-y-tv\/\" class=\"more-link\">Continue reading<span class=\"screen-reader-text\"> &#8220;L\u00e9xicu de los medios de comunicaci\u00f3n: Prensa, Radio y TV&#8221;<\/span><\/a><\/p>\n","protected":false},"featured_media":6313,"comment_status":"closed","ping_status":"closed","template":"","meta":{"_acf_changed":false},"product_brand":[],"product_cat":[537],"product_tag":[],"class_list":{"0":"post-6323","1":"product","2":"type-product","3":"status-publish","4":"has-post-thumbnail","6":"product_cat-cartafueyos-normativos","7":"pa_anu-558","8":"pa_autor-alla","9":"pa_editorial-alla","10":"pa_idioma-asturianu","12":"first","13":"instock","14":"shipping-taxable","15":"product-type-simple"},"acf":[],"yoast_head":"<!-- This site is optimized with the Yoast SEO plugin v26.7 - https:\/\/yoast.com\/wordpress\/plugins\/seo\/ -->\n<title>L\u00e9xicu de los medios de comunicaci\u00f3n: Prensa, Radio y TV - Academia de la Llingua Asturiana<\/title>\n<meta name=\"robots\" content=\"index, follow, max-snippet:-1, max-image-preview:large, max-video-preview:-1\" \/>\n<link rel=\"canonical\" href=\"https:\/\/alladixital.org\/producto\/lexicu-de-los-medios-de-comunicacion-prensa-radio-y-tv\/\" \/>\n<meta property=\"og:locale\" content=\"eo_EO\" \/>\n<meta property=\"og:type\" content=\"article\" \/>\n<meta property=\"og:title\" content=\"L\u00e9xicu de los medios de comunicaci\u00f3n: Prensa, Radio y TV - Academia de la Llingua Asturiana\" \/>\n<meta property=\"og:description\" content=\"Esta coleici\u00f3n ufre, d&#8217;un llau, modelos d&#8217;escritura y de titulaci\u00f3n d&#8217;estrem\u00e1u calter que van facer posible dir enanchando les posibilidaes p\u00fabliques del nuesu idioma. Al empar ap\u00farrense soluciones concretes pa &hellip; Continue reading &quot;L\u00e9xicu de los medios de comunicaci\u00f3n: Prensa, Radio y TV&quot;\" \/>\n<meta property=\"og:url\" content=\"https:\/\/alladixital.org\/producto\/lexicu-de-los-medios-de-comunicacion-prensa-radio-y-tv\/\" \/>\n<meta property=\"og:site_name\" content=\"Academia de la Llingua Asturiana\" \/>\n<meta property=\"article:publisher\" content=\"https:\/\/www.facebook.com\/AcademiadelaLlinguaAsturiana\/\" \/>\n<meta property=\"og:image\" content=\"https:\/\/alladixital.org\/wp-content\/uploads\/2022\/08\/logo_LLINGUA_280_V3-1.jpg\" \/>\n\t<meta property=\"og:image:width\" content=\"1064\" \/>\n\t<meta property=\"og:image:height\" content=\"1096\" \/>\n\t<meta property=\"og:image:type\" content=\"image\/jpeg\" \/>\n<meta name=\"twitter:card\" content=\"summary_large_image\" \/>\n<meta name=\"twitter:site\" content=\"@ALLA_ast\" \/>\n<script type=\"application\/ld+json\" class=\"yoast-schema-graph\">{\"@context\":\"https:\/\/schema.org\",\"@graph\":[{\"@type\":\"WebPage\",\"@id\":\"https:\/\/alladixital.org\/producto\/lexicu-de-los-medios-de-comunicacion-prensa-radio-y-tv\/\",\"url\":\"https:\/\/alladixital.org\/producto\/lexicu-de-los-medios-de-comunicacion-prensa-radio-y-tv\/\",\"name\":\"L\u00e9xicu de los medios de comunicaci\u00f3n: Prensa, Radio y TV - Academia de la Llingua Asturiana\",\"isPartOf\":{\"@id\":\"https:\/\/alladixital.org\/#website\"},\"primaryImageOfPage\":{\"@id\":\"https:\/\/alladixital.org\/producto\/lexicu-de-los-medios-de-comunicacion-prensa-radio-y-tv\/#primaryimage\"},\"image\":{\"@id\":\"https:\/\/alladixital.org\/producto\/lexicu-de-los-medios-de-comunicacion-prensa-radio-y-tv\/#primaryimage\"},\"thumbnailUrl\":\"https:\/\/alladixital.org\/wp-content\/uploads\/2022\/08\/normativos.png\",\"datePublished\":\"2022-08-22T08:17:51+00:00\",\"breadcrumb\":{\"@id\":\"https:\/\/alladixital.org\/producto\/lexicu-de-los-medios-de-comunicacion-prensa-radio-y-tv\/#breadcrumb\"},\"inLanguage\":\"eon-EON\",\"potentialAction\":[{\"@type\":\"ReadAction\",\"target\":[\"https:\/\/alladixital.org\/producto\/lexicu-de-los-medios-de-comunicacion-prensa-radio-y-tv\/\"]}]},{\"@type\":\"ImageObject\",\"inLanguage\":\"eon-EON\",\"@id\":\"https:\/\/alladixital.org\/producto\/lexicu-de-los-medios-de-comunicacion-prensa-radio-y-tv\/#primaryimage\",\"url\":\"https:\/\/alladixital.org\/wp-content\/uploads\/2022\/08\/normativos.png\",\"contentUrl\":\"https:\/\/alladixital.org\/wp-content\/uploads\/2022\/08\/normativos.png\",\"width\":836,\"height\":836},{\"@type\":\"BreadcrumbList\",\"@id\":\"https:\/\/alladixital.org\/producto\/lexicu-de-los-medios-de-comunicacion-prensa-radio-y-tv\/#breadcrumb\",\"itemListElement\":[{\"@type\":\"ListItem\",\"position\":1,\"name\":\"Portada\",\"item\":\"https:\/\/alladixital.org\/eon\/\"},{\"@type\":\"ListItem\",\"position\":2,\"name\":\"Tienda\",\"item\":\"https:\/\/alladixital.org\/eon\/tienda-2\/\"},{\"@type\":\"ListItem\",\"position\":3,\"name\":\"L\u00e9xicu de los medios de comunicaci\u00f3n: Prensa, Radio y TV\"}]},{\"@type\":\"WebSite\",\"@id\":\"https:\/\/alladixital.org\/#website\",\"url\":\"https:\/\/alladixital.org\/\",\"name\":\"Academia de la Llingua Asturiana\",\"description\":\"ALLA\",\"publisher\":{\"@id\":\"https:\/\/alladixital.org\/#organization\"},\"potentialAction\":[{\"@type\":\"SearchAction\",\"target\":{\"@type\":\"EntryPoint\",\"urlTemplate\":\"https:\/\/alladixital.org\/?s={search_term_string}\"},\"query-input\":{\"@type\":\"PropertyValueSpecification\",\"valueRequired\":true,\"valueName\":\"search_term_string\"}}],\"inLanguage\":\"eon-EON\"},{\"@type\":\"Organization\",\"@id\":\"https:\/\/alladixital.org\/#organization\",\"name\":\"Academia de la Llingua Asturiana\",\"url\":\"https:\/\/alladixital.org\/\",\"logo\":{\"@type\":\"ImageObject\",\"inLanguage\":\"eon-EON\",\"@id\":\"https:\/\/alladixital.org\/#\/schema\/logo\/image\/\",\"url\":\"https:\/\/alladixital.org\/wp-content\/uploads\/2022\/08\/logo_LLINGUA_280_V3.jpg\",\"contentUrl\":\"https:\/\/alladixital.org\/wp-content\/uploads\/2022\/08\/logo_LLINGUA_280_V3.jpg\",\"width\":1064,\"height\":1096,\"caption\":\"Academia de la Llingua Asturiana\"},\"image\":{\"@id\":\"https:\/\/alladixital.org\/#\/schema\/logo\/image\/\"},\"sameAs\":[\"https:\/\/www.facebook.com\/AcademiadelaLlinguaAsturiana\/\",\"https:\/\/x.com\/ALLA_ast\"]}]}<\/script>\n<!-- \/ Yoast SEO plugin. -->","yoast_head_json":{"title":"L\u00e9xicu de los medios de comunicaci\u00f3n: Prensa, Radio y TV - Academia de la Llingua Asturiana","robots":{"index":"index","follow":"follow","max-snippet":"max-snippet:-1","max-image-preview":"max-image-preview:large","max-video-preview":"max-video-preview:-1"},"canonical":"https:\/\/alladixital.org\/producto\/lexicu-de-los-medios-de-comunicacion-prensa-radio-y-tv\/","og_locale":"eo_EO","og_type":"article","og_title":"L\u00e9xicu de los medios de comunicaci\u00f3n: Prensa, Radio y TV - Academia de la Llingua Asturiana","og_description":"Esta coleici\u00f3n ufre, d&#8217;un llau, modelos d&#8217;escritura y de titulaci\u00f3n d&#8217;estrem\u00e1u calter que van facer posible dir enanchando les posibilidaes p\u00fabliques del nuesu idioma. Al empar ap\u00farrense soluciones concretes pa &hellip; Continue reading \"L\u00e9xicu de los medios de comunicaci\u00f3n: Prensa, Radio y TV\"","og_url":"https:\/\/alladixital.org\/producto\/lexicu-de-los-medios-de-comunicacion-prensa-radio-y-tv\/","og_site_name":"Academia de la Llingua Asturiana","article_publisher":"https:\/\/www.facebook.com\/AcademiadelaLlinguaAsturiana\/","og_image":[{"width":1064,"height":1096,"url":"https:\/\/alladixital.org\/wp-content\/uploads\/2022\/08\/logo_LLINGUA_280_V3-1.jpg","type":"image\/jpeg"}],"twitter_card":"summary_large_image","twitter_site":"@ALLA_ast","schema":{"@context":"https:\/\/schema.org","@graph":[{"@type":"WebPage","@id":"https:\/\/alladixital.org\/producto\/lexicu-de-los-medios-de-comunicacion-prensa-radio-y-tv\/","url":"https:\/\/alladixital.org\/producto\/lexicu-de-los-medios-de-comunicacion-prensa-radio-y-tv\/","name":"L\u00e9xicu de los medios de comunicaci\u00f3n: Prensa, Radio y TV - Academia de la Llingua Asturiana","isPartOf":{"@id":"https:\/\/alladixital.org\/#website"},"primaryImageOfPage":{"@id":"https:\/\/alladixital.org\/producto\/lexicu-de-los-medios-de-comunicacion-prensa-radio-y-tv\/#primaryimage"},"image":{"@id":"https:\/\/alladixital.org\/producto\/lexicu-de-los-medios-de-comunicacion-prensa-radio-y-tv\/#primaryimage"},"thumbnailUrl":"https:\/\/alladixital.org\/wp-content\/uploads\/2022\/08\/normativos.png","datePublished":"2022-08-22T08:17:51+00:00","breadcrumb":{"@id":"https:\/\/alladixital.org\/producto\/lexicu-de-los-medios-de-comunicacion-prensa-radio-y-tv\/#breadcrumb"},"inLanguage":"eon-EON","potentialAction":[{"@type":"ReadAction","target":["https:\/\/alladixital.org\/producto\/lexicu-de-los-medios-de-comunicacion-prensa-radio-y-tv\/"]}]},{"@type":"ImageObject","inLanguage":"eon-EON","@id":"https:\/\/alladixital.org\/producto\/lexicu-de-los-medios-de-comunicacion-prensa-radio-y-tv\/#primaryimage","url":"https:\/\/alladixital.org\/wp-content\/uploads\/2022\/08\/normativos.png","contentUrl":"https:\/\/alladixital.org\/wp-content\/uploads\/2022\/08\/normativos.png","width":836,"height":836},{"@type":"BreadcrumbList","@id":"https:\/\/alladixital.org\/producto\/lexicu-de-los-medios-de-comunicacion-prensa-radio-y-tv\/#breadcrumb","itemListElement":[{"@type":"ListItem","position":1,"name":"Portada","item":"https:\/\/alladixital.org\/eon\/"},{"@type":"ListItem","position":2,"name":"Tienda","item":"https:\/\/alladixital.org\/eon\/tienda-2\/"},{"@type":"ListItem","position":3,"name":"L\u00e9xicu de los medios de comunicaci\u00f3n: Prensa, Radio y TV"}]},{"@type":"WebSite","@id":"https:\/\/alladixital.org\/#website","url":"https:\/\/alladixital.org\/","name":"Academia de la Llingua Asturiana","description":"ALLA","publisher":{"@id":"https:\/\/alladixital.org\/#organization"},"potentialAction":[{"@type":"SearchAction","target":{"@type":"EntryPoint","urlTemplate":"https:\/\/alladixital.org\/?s={search_term_string}"},"query-input":{"@type":"PropertyValueSpecification","valueRequired":true,"valueName":"search_term_string"}}],"inLanguage":"eon-EON"},{"@type":"Organization","@id":"https:\/\/alladixital.org\/#organization","name":"Academia de la Llingua Asturiana","url":"https:\/\/alladixital.org\/","logo":{"@type":"ImageObject","inLanguage":"eon-EON","@id":"https:\/\/alladixital.org\/#\/schema\/logo\/image\/","url":"https:\/\/alladixital.org\/wp-content\/uploads\/2022\/08\/logo_LLINGUA_280_V3.jpg","contentUrl":"https:\/\/alladixital.org\/wp-content\/uploads\/2022\/08\/logo_LLINGUA_280_V3.jpg","width":1064,"height":1096,"caption":"Academia de la Llingua Asturiana"},"image":{"@id":"https:\/\/alladixital.org\/#\/schema\/logo\/image\/"},"sameAs":["https:\/\/www.facebook.com\/AcademiadelaLlinguaAsturiana\/","https:\/\/x.com\/ALLA_ast"]}]}},"brizy_media":[],"_links":{"self":[{"href":"https:\/\/alladixital.org\/eon\/wp-json\/wp\/v2\/product\/6323","targetHints":{"allow":["GET"]}}],"collection":[{"href":"https:\/\/alladixital.org\/eon\/wp-json\/wp\/v2\/product"}],"about":[{"href":"https:\/\/alladixital.org\/eon\/wp-json\/wp\/v2\/types\/product"}],"replies":[{"embeddable":true,"href":"https:\/\/alladixital.org\/eon\/wp-json\/wp\/v2\/comments?post=6323"}],"wp:featuredmedia":[{"embeddable":true,"href":"https:\/\/alladixital.org\/eon\/wp-json\/wp\/v2\/media\/6313"}],"wp:attachment":[{"href":"https:\/\/alladixital.org\/eon\/wp-json\/wp\/v2\/media?parent=6323"}],"wp:term":[{"taxonomy":"product_brand","embeddable":true,"href":"https:\/\/alladixital.org\/eon\/wp-json\/wp\/v2\/product_brand?post=6323"},{"taxonomy":"product_cat","embeddable":true,"href":"https:\/\/alladixital.org\/eon\/wp-json\/wp\/v2\/product_cat?post=6323"},{"taxonomy":"product_tag","embeddable":true,"href":"https:\/\/alladixital.org\/eon\/wp-json\/wp\/v2\/product_tag?post=6323"}],"curies":[{"name":"wp","href":"https:\/\/api.w.org\/{rel}","templated":true}]}}